{"id":119,"date":"2007-05-18T22:35:47","date_gmt":"2007-05-18T20:35:47","guid":{"rendered":"http:\/\/www.historielaget.jostedal.no\/?page_id=119"},"modified":"2025-04-12T11:42:14","modified_gmt":"2025-04-12T09:42:14","slug":"flytting-av-st%c3%b8lar-1684","status":"publish","type":"page","link":"https:\/\/www.historielaget.jostedal.no\/?page_id=119","title":{"rendered":"Flytting av st\u00f8lar (1684)"},"content":{"rendered":"<p>I\u00a01684 fekk Grov og Bergset st\u00f8lsrett i Geisdalen og Vanndalen fordi st\u00f8lsbeita i Bergsetdalen var \u00f8ydelagde av framrykkinga til breane. Rettsdokumentet syner \u00f2g at Flatejordi og mykje av Sperla var \u00f8ydelagde av elva.<\/p>\n<p><a href=\"https:\/\/www.historielaget.jostedal.no\/wordpress\/wp-content\/upLoads\/Nogle-sager-af-justedal.jpg\"><img loading=\"lazy\" decoding=\"async\" class=\"alignleft  wp-image-3694\" src=\"https:\/\/www.historielaget.jostedal.no\/wordpress\/wp-content\/upLoads\/Nogle-sager-af-justedal-300x140.jpg\" alt=\"\" width=\"362\" height=\"169\" srcset=\"https:\/\/www.historielaget.jostedal.no\/wordpress\/wp-content\/upLoads\/Nogle-sager-af-justedal-300x140.jpg 300w, https:\/\/www.historielaget.jostedal.no\/wordpress\/wp-content\/upLoads\/Nogle-sager-af-justedal-1024x477.jpg 1024w, https:\/\/www.historielaget.jostedal.no\/wordpress\/wp-content\/upLoads\/Nogle-sager-af-justedal-150x70.jpg 150w, https:\/\/www.historielaget.jostedal.no\/wordpress\/wp-content\/upLoads\/Nogle-sager-af-justedal-768x357.jpg 768w, https:\/\/www.historielaget.jostedal.no\/wordpress\/wp-content\/upLoads\/Nogle-sager-af-justedal.jpg 1188w\" sizes=\"auto, (max-width: 362px) 100vw, 362px\" \/><\/a><\/p>\n<p>&nbsp;<\/p>\n<p>&nbsp;<\/p>\n<p>&nbsp;<\/p>\n<p>&nbsp;<\/p>\n<p>&nbsp;<\/p>\n<p><strong>Avskrift<\/strong><\/p>\n<p><em>Nogle sager af Jostedal<br \/>\n<\/em>Den hederlige Mand <a href=\"http:\/\/lokalhistoriewiki.no\/index.php\/Ludvig_Munthe_(1657-1708)\">Hr Loadvig Christoffersen<\/a>, paa sin <a href=\"http:\/\/lokalhistoriewiki.no\/index.php\/Birgitte_Munthe\">Ki\u00e6re Moders <\/a>veigne ladit til Rette, Indstefner alle, Anders, og Endre Krechen, og <a href=\"http:\/\/lokalhistoriewiki.no\/index.php\/Lars_Knutson_Espe\">Lars Espe <\/a>at anf\u00f8re deres Widne som hafuer besigted Een St\u00f8elsdal med nafn Jegersdal, nemblig<a href=\"http:\/\/www.lokalhistoriewiki.no\/index.php\/Ole_Arneson_%C3%85sen\"> lensmand Ole Aassen <\/a>Jetmund og Jens Bersetter, om den uden Skade kunde taalle, at <a href=\"http:\/\/www.lokalhistoriewiki.no\/index.php\/Knut_Andersson_Grov\">Knud Grof <\/a>som af Snebreden hafuer mist sit S\u00e6tter, at benytte tillige med de andre, om Sumerz paa en sex Uggerstid, der Uden Skade, de vare deres vidne derum, at gr\u00e6ss fantes Nog, saa det Uden skade vel kand ske ti hafuer Eieren, derudi Despenere etter sin Eggen begier.<\/p>\n<p>Desslige efter hafuer snebreden Udtaget deres s\u00e6tters\u00e6l paa B\u00e6rsetter, og derfore ladet med lensmanden og Knud Grof besogt Een Stulsdal kaldes Wandallen, bruges Under Qresten brurems iord, Bierg og Wandbierg, om formeldte bersetterm\u00e6nd (hafe) med deres Queg kunde beitte Uden uden de andres skade tillige med de andre, hertil form. tvende m\u00e6nd suarede, til der nu faillede grass, men beytte uden skade, for have Eieren derudi Disponeres etter hendes begier, <a href=\"http:\/\/lokalhistoriewiki.no\/index.php\/Mikkel_Larsson_Bj%C3%B8rk\">Michel Bierg <\/a>hafuer og for Retten at bersetterm\u00e6nd og deres og queg maa fri Uden til hinder beitte fra og til s\u00e6tter, hertil han sig forplichter.<\/p>\n<p>Hr. Ludvig Christoffersen foregaf at en plads kaldet Flade Iorden hvoraf hans Moder haver ingen Retighed, men dog betalle Kg M\u2019 skatter, Er og af Elfuel\u00f8b Udtaget Een stordel af Sperlen, saa den ey Ham taalle den fattighed deraf nu gifues, form. te de Iorde partter kunde legges paa Anders \u00d8fre Faaberegs Iord saa at deres tages. Mens bemd. Anders derimod &#8230; at hans Iord f\u00f8rst af suorenskrifueren og dannem\u00e6nd b\u00f8r besigtes, f\u00f8rend Noget paa tagges, og andre Iorder saavelsom hans Iord maatte forfares.<\/p>\n<p><strong>Kjelde<\/strong><\/p>\n<p>Tingbok for Indre Sogn, 16 nr 14, 1684, fol. 38a, avskrift ved Alfred Espe. [<a href=\"http:\/\/www.arkivverket.no\/URN:rg_read\/28568\/40?size=bigger&amp;mode=0\">Skanna original<\/a>, Arkivverket]<\/p>\n<p><strong>Merknad<\/strong><\/p>\n<p>Avskrifta gjeld tre saker som var oppe p\u00e5 hausttinget for Luster og Jostedalen 5. november 1684, og dei var tekne inn for retten av Ludvig Christophersen Munthe p\u00e5 vegne av mor si, Birgitte Munthe, som \u00e5tte s\u00e5 godt som all jorda i Jostedalen.<\/p>\n<p>I den fyrste saka har lensmann Ole \u00c5sen, Jetmund Bergset og Jens Bergset vore p\u00e5 synfaring i Geisdalen for \u00e5 sj\u00e5 om st\u00f8len kunne tola at Knut Grov \u00f2g st\u00f8la her. St\u00f8len til Grov (i Bergsetdalen) var \u00f8ydelagd av framrykkinga til breen, og han ynskte \u00e5 kunne st\u00f8la kring seks veker i Geisdalen. Vitna slo fast at det var nok gras slik at Grov kunne st\u00f8la der utan at det var til skade. Desse vitna vart f\u00f8rte imot Anders Kreken, Endre Kreken og Lars Espe som nok var dei som hadde st\u00f8lsretten i Geisdalen og slik sett ikkje hadde interesse av \u00e5 m\u00e5tte dele hamna med fleire.<\/p>\n<p>Den andre saka gjeld st\u00f8len til Bergset (i Bergsetdalen), som \u00f2g var \u00f8ydelagd av breen. I denne saka var lensmann Ole \u00c5sen og Knut Grov vitna til Munthe, og dei hadde vore p\u00e5 synfaring i Vanndalen. Den var i bruk av Kristen Bruheim, Bj\u00f8rk og Vamberg. Saka der galdt om dei nemnde Bergset-mennene (Jetmund og Jens) kunne st\u00f8le der utan at det var til skade for dei andre. Til det svara dei to nemnde mennene (Knut Grov og lensmann Ole \u00c5sen) at &laquo;til der nu faillede grass, men beytte uden skade&raquo;, som iallfall m\u00e5 tyde at dei kunne beite utan at det var til skade. Mikkel Bj\u00f8rk m\u00e5tte forplikte seg til at dei to Bergset-mennene utan hinder kunne beite og ta seg til og fr\u00e5 st\u00f8len utan hinder.<\/p>\n<p>Sidan vitna hadde sagt at det var nok beite i Geisdalen og Vanndalen til brukarane p\u00e5 Bergset og Grov, vert det slege fast at jordeigaren kan gjere desse omdisponeringane om ho ynskjer.<\/p>\n<p>Den siste saka gjeld to gardar som var \u00f8ydelagde av elva (&laquo;af Elfuel\u00f8b Udtaget&raquo;. Det galdt fro det fyrste Flatejordi, der Munthe &laquo;haver ingen Retighed&raquo;, som m\u00e5 tyda at ho ikkje hadde nokon inntekt fordi plassen ikkje var brukande, men likevel betalte ho kongelege skattar for garden. Det same galdt ein stor del av Sperla. Det var difor snakk om \u00e5 leggja jordpartane p\u00e5 Anders \u00d8vre-F\u00e5berg. Men det ser ut til at Anders fyrst ville ha ei synfaring av sorenskrivaren og b\u00f8nder (&laquo;dannem\u00e6nd&raquo;) f\u00f8r det var aktuelt.<\/p>\n<p>Dette er den tidlegaste kjende skriftlege provet i Skandinavia p\u00e5 at framrykkande brear \u00f8ydela produktivt jordbruksland (Grove 2004). Laberg (1944, s. 64) nemner at Grov fekk st\u00f8lsrett i Geisdalen i 1684, men ikkje Bergset-saka. Eide (1955, s. 21) nemner b\u00e5de Grov og Bergset, men kort. Dokumentet er \u00f2g summarisk nemnt av Grove og Battagel (1983).<\/p>\n","protected":false},"excerpt":{"rendered":"<p>I\u00a01684 fekk Grov og Bergset st\u00f8lsrett i Geisdalen og Vanndalen fordi st\u00f8lsbeita i Bergsetdalen var \u00f8ydelagde av framrykkinga til breane. Rettsdokumentet syner \u00f2g at Flatejordi og mykje av Sperla var \u00f8ydelagde av elva. &nbsp; &nbsp; &nbsp; &nbsp; &nbsp; Avskrift Nogle sager af Jostedal Den hederlige Mand Hr Loadvig Christoffersen, paa sin Ki\u00e6re Moders veigne ladit [&hellip;]<\/p>\n","protected":false},"author":2,"featured_media":0,"parent":1132,"menu_order":2,"comment_status":"open","ping_status":"open","template":"","meta":{"ngg_post_thumbnail":0,"footnotes":""},"class_list":["post-119","page","type-page","status-publish","hentry"],"_links":{"self":[{"href":"https:\/\/www.historielaget.jostedal.no\/index.php?rest_route=\/wp\/v2\/pages\/119","targetHints":{"allow":["GET"]}}],"collection":[{"href":"https:\/\/www.historielaget.jostedal.no\/index.php?rest_route=\/wp\/v2\/pages"}],"about":[{"href":"https:\/\/www.historielaget.jostedal.no\/index.php?rest_route=\/wp\/v2\/types\/page"}],"author":[{"embeddable":true,"href":"https:\/\/www.historielaget.jostedal.no\/index.php?rest_route=\/wp\/v2\/users\/2"}],"replies":[{"embeddable":true,"href":"https:\/\/www.historielaget.jostedal.no\/index.php?rest_route=%2Fwp%2Fv2%2Fcomments&post=119"}],"version-history":[{"count":11,"href":"https:\/\/www.historielaget.jostedal.no\/index.php?rest_route=\/wp\/v2\/pages\/119\/revisions"}],"predecessor-version":[{"id":3695,"href":"https:\/\/www.historielaget.jostedal.no\/index.php?rest_route=\/wp\/v2\/pages\/119\/revisions\/3695"}],"up":[{"embeddable":true,"href":"https:\/\/www.historielaget.jostedal.no\/index.php?rest_route=\/wp\/v2\/pages\/1132"}],"wp:attachment":[{"href":"https:\/\/www.historielaget.jostedal.no\/index.php?rest_route=%2Fwp%2Fv2%2Fmedia&parent=119"}],"curies":[{"name":"wp","href":"https:\/\/api.w.org\/{rel}","templated":true}]}}

Flytting av stølar (1684)

<p>I 1684 fekk Grov og Bergset stølsrett i Geisdalen og Vanndalen fordi stølsbeita i Bergsetdalen var øydelagde av framrykkinga til breane. Rettsdokumentet syner òg at Flatejordi og mykje av Sperla var øydelagde av elva.</p>
<p><a href="https://www.historielaget.jostedal.no/wordpress/wp-content/upLoads/Nogle-sager-af-justedal.jpg"><img loading="lazy" decoding="async" class="alignleft  wp-image-3694" src="https://www.historielaget.jostedal.no/wordpress/wp-content/upLoads/Nogle-sager-af-justedal-300x140.jpg" alt="" width="362" height="169" srcset="https://www.historielaget.jostedal.no/wordpress/wp-content/upLoads/Nogle-sager-af-justedal-300x140.jpg 300w, https://www.historielaget.jostedal.no/wordpress/wp-content/upLoads/Nogle-sager-af-justedal-1024x477.jpg 1024w, https://www.historielaget.jostedal.no/wordpress/wp-content/upLoads/Nogle-sager-af-justedal-150x70.jpg 150w, https://www.historielaget.jostedal.no/wordpress/wp-content/upLoads/Nogle-sager-af-justedal-768x357.jpg 768w, https://www.historielaget.jostedal.no/wordpress/wp-content/upLoads/Nogle-sager-af-justedal.jpg 1188w" sizes="auto, (max-width: 362px) 100vw, 362px" /></a></p>
<p>&nbsp;</p>
<p>&nbsp;</p>
<p>&nbsp;</p>
<p>&nbsp;</p>
<p>&nbsp;</p>
<p><strong>Avskrift</strong></p>
<p><em>Nogle sager af Jostedal<br />
</em>Den hederlige Mand <a href="http://lokalhistoriewiki.no/index.php/Ludvig_Munthe_(1657-1708)">Hr Loadvig Christoffersen</a>, paa sin <a href="http://lokalhistoriewiki.no/index.php/Birgitte_Munthe">Kiære Moders </a>veigne ladit til Rette, Indstefner alle, Anders, og Endre Krechen, og <a href="http://lokalhistoriewiki.no/index.php/Lars_Knutson_Espe">Lars Espe </a>at anføre deres Widne som hafuer besigted Een Støelsdal med nafn Jegersdal, nemblig<a href="http://www.lokalhistoriewiki.no/index.php/Ole_Arneson_%C3%85sen"> lensmand Ole Aassen </a>Jetmund og Jens Bersetter, om den uden Skade kunde taalle, at <a href="http://www.lokalhistoriewiki.no/index.php/Knut_Andersson_Grov">Knud Grof </a>som af Snebreden hafuer mist sit Sætter, at benytte tillige med de andre, om Sumerz paa en sex Uggerstid, der Uden Skade, de vare deres vidne derum, at græss fantes Nog, saa det Uden skade vel kand ske ti hafuer Eieren, derudi Despenere etter sin Eggen begier.</p>
<p>Desslige efter hafuer snebreden Udtaget deres sættersæl paa Bærsetter, og derfore ladet med lensmanden og Knud Grof besogt Een Stulsdal kaldes Wandallen, bruges Under Qresten brurems iord, Bierg og Wandbierg, om formeldte bersettermænd (hafe) med deres Queg kunde beitte Uden uden de andres skade tillige med de andre, hertil form. tvende mænd suarede, til der nu faillede grass, men beytte uden skade, for have Eieren derudi Disponeres etter hendes begier, <a href="http://lokalhistoriewiki.no/index.php/Mikkel_Larsson_Bj%C3%B8rk">Michel Bierg </a>hafuer og for Retten at bersettermænd og deres og queg maa fri Uden til hinder beitte fra og til sætter, hertil han sig forplichter.</p>
<p>Hr. Ludvig Christoffersen foregaf at en plads kaldet Flade Iorden hvoraf hans Moder haver ingen Retighed, men dog betalle Kg M’ skatter, Er og af Elfueløb Udtaget Een stordel af Sperlen, saa den ey Ham taalle den fattighed deraf nu gifues, form. te de Iorde partter kunde legges paa Anders Øfre Faaberegs Iord saa at deres tages. Mens bemd. Anders derimod &#8230; at hans Iord først af suorenskrifueren og dannemænd bør besigtes, førend Noget paa tagges, og andre Iorder saavelsom hans Iord maatte forfares.</p>
<p><strong>Kjelde</strong></p>
<p>Tingbok for Indre Sogn, 16 nr 14, 1684, fol. 38a, avskrift ved Alfred Espe. [<a href="http://www.arkivverket.no/URN:rg_read/28568/40?size=bigger&amp;mode=0">Skanna original</a>, Arkivverket]</p>
<p><strong>Merknad</strong></p>
<p>Avskrifta gjeld tre saker som var oppe på hausttinget for Luster og Jostedalen 5. november 1684, og dei var tekne inn for retten av Ludvig Christophersen Munthe på vegne av mor si, Birgitte Munthe, som åtte så godt som all jorda i Jostedalen.</p>
<p>I den fyrste saka har lensmann Ole Åsen, Jetmund Bergset og Jens Bergset vore på synfaring i Geisdalen for å sjå om stølen kunne tola at Knut Grov òg støla her. Stølen til Grov (i Bergsetdalen) var øydelagd av framrykkinga til breen, og han ynskte å kunne støla kring seks veker i Geisdalen. Vitna slo fast at det var nok gras slik at Grov kunne støla der utan at det var til skade. Desse vitna vart førte imot Anders Kreken, Endre Kreken og Lars Espe som nok var dei som hadde stølsretten i Geisdalen og slik sett ikkje hadde interesse av å måtte dele hamna med fleire.</p>
<p>Den andre saka gjeld stølen til Bergset (i Bergsetdalen), som òg var øydelagd av breen. I denne saka var lensmann Ole Åsen og Knut Grov vitna til Munthe, og dei hadde vore på synfaring i Vanndalen. Den var i bruk av Kristen Bruheim, Bjørk og Vamberg. Saka der galdt om dei nemnde Bergset-mennene (Jetmund og Jens) kunne støle der utan at det var til skade for dei andre. Til det svara dei to nemnde mennene (Knut Grov og lensmann Ole Åsen) at &laquo;til der nu faillede grass, men beytte uden skade&raquo;, som iallfall må tyde at dei kunne beite utan at det var til skade. Mikkel Bjørk måtte forplikte seg til at dei to Bergset-mennene utan hinder kunne beite og ta seg til og frå stølen utan hinder.</p>
<p>Sidan vitna hadde sagt at det var nok beite i Geisdalen og Vanndalen til brukarane på Bergset og Grov, vert det slege fast at jordeigaren kan gjere desse omdisponeringane om ho ynskjer.</p>
<p>Den siste saka gjeld to gardar som var øydelagde av elva (&laquo;af Elfueløb Udtaget&raquo;. Det galdt fro det fyrste Flatejordi, der Munthe &laquo;haver ingen Retighed&raquo;, som må tyda at ho ikkje hadde nokon inntekt fordi plassen ikkje var brukande, men likevel betalte ho kongelege skattar for garden. Det same galdt ein stor del av Sperla. Det var difor snakk om å leggja jordpartane på Anders Øvre-Fåberg. Men det ser ut til at Anders fyrst ville ha ei synfaring av sorenskrivaren og bønder (&laquo;dannemænd&raquo;) før det var aktuelt.</p>
<p>Dette er den tidlegaste kjende skriftlege provet i Skandinavia på at framrykkande brear øydela produktivt jordbruksland (Grove 2004). Laberg (1944, s. 64) nemner at Grov fekk stølsrett i Geisdalen i 1684, men ikkje Bergset-saka. Eide (1955, s. 21) nemner både Grov og Bergset, men kort. Dokumentet er òg summarisk nemnt av Grove og Battagel (1983).</p>

<p>I 1684 fekk Grov og Bergset stølsrett i Geisdalen og Vanndalen fordi stølsbeita i Bergsetdalen var øydelagde av framrykkinga til breane. Rettsdokumentet syner òg at Flatejordi og mykje av Sperla var øydelagde av elva. &nbsp; &nbsp; &nbsp; &nbsp; &nbsp; Avskrift Nogle sager af Jostedal Den hederlige Mand Hr Loadvig Christoffersen, paa sin Kiære Moders veigne ladit [&hellip;]</p>
