{"id":1387,"date":"2010-08-14T10:52:40","date_gmt":"2010-08-14T08:52:40","guid":{"rendered":"http:\/\/www.historielaget.jostedal.no\/?page_id=1387"},"modified":"2016-12-21T10:07:01","modified_gmt":"2016-12-21T08:07:01","slug":"brev-fra-matthias-foss-om-det-stusslege-tilv%c3%a6ret-i-jostedalen-1743","status":"publish","type":"page","link":"https:\/\/www.historielaget.jostedal.no\/?page_id=1387","title":{"rendered":"Brev fr\u00e5 Matthias Foss om det stusslege tilv\u00e6ret i Jostedalen (1743)"},"content":{"rendered":"<p>P\u00e5 ny\u00e5ret 1743 sende stiftsamtmann <a href=\"http:\/\/lokalhistoriewiki.no\/index.php\/Jonas_Lym\">Jonas Lym<\/a> ei sak til Danske kanselli i K\u00f8benhavn om den kritiske stoda for allmugen i Jostedalen. Eitt av dei mange dokumenta i saka var dette brevet fr\u00e5 Matthias Foss, som fyrst og fremst fortel om stoda for prestefamilien, men \u00f2g noko om allmugen.<\/p>\n<p><strong>Avskrift<\/strong><\/p>\n<p>H\u00f8y\u00e6dle og Velbaarne Hr. Etatz-Raad L\u00fcme Kongelig Majestets Stift-Amtmand sambt Pr\u00e6sident i Bergen H\u00f8y-gunstige Herre!<\/p>\n<p>Det er mig andbefaled i andledning af Deris Velbaarenheds ordre til Provsten her i Sogn Vel\u00e6rv\u00e6rdige Hr Anders Daae, at ieg tillige med de andre Pr\u00e6ster skal indgiive, som og af mig er efterlevet, det fastsatte Legatum mig pro officio Ministerii allernaadigst er forundt, dets summa indberegned til 26 rdlr og 4 sk, foruden 19 \u00bd t\u00f8nde Korn mig af Kierkeeyerne her udj Sogn leveris hvorfra naar afgaaer dend omkostning med Ski\u00f8ds og fort\u00e6ring ieg maae deponere, inden ieg kand faae ovenmelte allernaadigst tillagde Korn til min boelig, haver ieg ikkun 15 \u00bd t\u00f8nde Korn tilbage i behold, hvilket, og ey meere er mit ganske Kalds indkomst, det Deris Velbaarenhed selv kand erfare, saa at v\u00e6re i sandhed, naar samme mit Legatum bliiver Dem tilstilled fra Provsten;<\/p>\n<p>Og da ieg for det f\u00f8rste med V\u00e6emodighed Maae beklage min elendige trang, hvorledis ieg med min Kone og barn ere f\u00e6rdige at crepere af mangel paa det n\u00f8dt\u00f8rstige daglige br\u00f8d formedelst mit kalds ringe indkomster, der ikke eengang kand extendere sig til halvdeelen af det eneboede klokker paa mange st\u00e6der haver aarlig til indt\u00e6gt, indstiller ieg mig ved denne andledning for Deris Velbaarenhed, og b\u00f8nfalder underdanigst med denne min ands\u00f8gning, at Deris Velbaarenhed vilde kaste dend h\u00f8ye gunst paa mig fattige mand, og ved sin recommendaton demonstrere min elendige tilstand heri dette usle gi\u00e6ld paa h\u00f8yere st\u00e6der, da ieg ikke paatvifler at finde een naadig b\u00f8nh\u00f8rig og hielp i min n\u00f8d; foruden dette at ieg maae mangle det br\u00f8d ieg til n\u00f8dt\u00f8rstighed kunde putte i mund, har ieg kaldet tillige med mit huusfolk, v\u00e6red i disse tiider dend store farligehed underkast, at tvende store sneeskred ere faldne af fieldene og Veltet sig t\u00e6t ind paa pr\u00e6stegaarden, hvilke, formedelst det st\u00e6rke V\u00e6ir og bl\u00e6st som medfuldte, saa n\u00e6r hafde omkastet pr\u00e6stegaardens huuse, der staar ikkun paa skr\u00f8belige f\u00f8dder, og alt saa voris Liv, som ere paa gaarden, stod i fare, og endnu fremdelis gaar her saa got som paa vore Liv, siiden vi atter seer paa samme st\u00e6der i fieldene tvende store sneeskreed samlede, og viide ikke hvilket \u00f8yeblik de vil nedfalde, Gud afvende(?) selv dend farlighed vi her ere exponerede udj!<\/p>\n<p>Dend 3die post ieg her ved understaar mig at mentionere om, er at ieg maae tit og ofte 3 \u00e0 4de uger i rad sidde orkisl\u00f8s, og ey kand v\u00e6re saa lykkelig at forrette Gudstieniste formedelst det forf\u00e6rdelige V\u00e6ir som her falder i Dahlen, s\u00e6rdelis med snee, der for aarsager, at folket er knap god for at komme ut af deris eget huus, end siiden i Guds huus, og om endski\u00f8ndt det kand om sommeren v\u00e6re god Vei, hender det sig dog ofte, at folket formedelst formedelst veiernes L\u00e6ngde ikke kommer til Kierke, forregivende, at de har aldrig haft, naar her har v\u00e6red een fast pr\u00e6st til st\u00e6det, pr\u00e6diken, uden hver 14de dag, ellers naar fremmede pr\u00e6ster har beopvartet kaldet, da som udj et andet annex, er her holdet Gudstieneste undertiiden 3die, undertiden 4de uge i maaneden, alt efter veiens og leilighedens beskaffenhed, hvormed de har v\u00e6red forn\u00f8yde. Alt saa nu ieg har fordriistet mig til at kundgi\u00f8re Deris Velbaarenhed, hvorledis det har sig her i Dahlen baade i dend eene og anden maade, tager ieg mig og herved dend frihed at sende een Copie liige ordlydende med dend udgangen allernaadigste <a href=\"http:\/\/www.historielaget.jostedal.no\/?page_id=350\">resoluton af Aar 1636<\/a>, som hviiler her ved kirken, hvormed beviisis at Jystedahlen dend tiid har v\u00e6ret combinered med Goupnen, der nu er et annex under Lysters gi\u00e6ld; maatte dette nu behaggeligst[!] considereris, da maaske, nu som tilforn, kunde enten disse tvende kirker, tillige med efter forrestilling nok et andet annex, Joranger Kaldet, der ligger under Hafsloe pr\u00e6stegi\u00e6ld, dog ey een gang een fierding Vei fra Goupnen, blive samlede til et kald for mig, da ieg nogenledis kunde have min n\u00f8dt\u00f8rstige underholdning, og de andre Pr\u00e6ster hafde alligevel kierker nok, nemlig dend f\u00f8rste i Lyster 3de, og dend anden i Hafsloe 4de til at forrette Gudstieniste udj; eller og naadigst kunde forefindis, at ieg kunde blive forflyttet fra dette usle sted, og Jystedahlen l\u00e6ggis, som et annex under Lysters gi\u00e6ld, da kaldet her oppe kunde heel vel beopvartis naar mand vilde helst om Lysters Capellan kom til at boe i Goupnen, thi veien til Dahlen kand dog reisis, s\u00e6rdelis om sommeren, da dend verste vei falder for baade i hendseende til dens besv\u00e6rlighed som og l\u00e6ngde, i een halv dag fra Goupnen, det baade ieg selv, sambt andre Pr\u00e6ster f\u00f8r mig har fors\u00f8gt, at naar tienisten i Jystedahlen om S\u00f8ndagen har v\u00e6ret til ende, endda f\u00f8rst langt over middags tiid, har ieg kundet naae i god betiid til Goupnen eller R\u00f8nne samme dags aften, som ikke een men mange gange er arivered mig, da ieg af mangel paa huuslye maatte Logiere dernede;<\/p>\n<p>Og det er Gud allene en bekient, hvor slet og begr\u00e6delig een tilstand her er\u00a0 denne fattige b\u00f8gde, der ikkun bestaar af 22 heele og 6 halve gaarder, at barken af tr\u00e6erne er deris daglige br\u00f8d, og naar almuen er i saa elendig een tilstand, kand behageligst overveiis, hvad levebr\u00f8d her da kand v\u00e6re for een pr\u00e6st, naar hand ey kand obtinere det visse hand skal leve af, og af hvad aarsag, hand skal boe her oppe, naar Gudstieniste ikke, uden een gang i mellem som ieg forhen have meldet om, kand bliive forrettet. Og da ieg fra dend tiid paa Naadigste Konge vocered mig her til st\u00e6det som er f\u00f8rstkommende 15 May 2 aar siiden, st\u00e6dse har maatte sat til, s\u00e6rdelis her i Jystedahlen, baade det eene og andet af mine effecter og eyendom, om ieg ikke skulde crepere, helst almuen har ikke i nogen Pr\u00e6stis tiid v\u00e6red saa yderlig paa kn\u00e6ene, som nu, hvor ved ieg med dem er bleven ganske ruinered og armod er kommen over mig, som een bev\u00e6bnet mand, og om ieg ikke kand v\u00e6re saa lykkelig at obtinere meer til leevebr\u00f8d, da f\u00f8rend ieg med kone og barn paa dette usle og jammerfulde st\u00e6d skal af hunger crepere, (thi om det end var een orm, str\u00e6ber dend dog efter at dend kand conservere sit liv, siiden et menniske) seer ieg ingen anden udveie, end n\u00f8den driiver mig til at forlade st\u00e6det; See derfor Deris Velbaarenhed, naar mit Legatum bliver dem tilstilled, med et barmhiertigheds \u00f8ye til min uselhed og fattige tilstand Gud skal det selv bel\u00f8nne. Og er ieg med st\u00f8rste Submission<\/p>\n<p>H\u00f8y-\u00e6dle og Velbaarne Hr. Etatz-Raads H\u00f8ygunstige Herres<\/p>\n<p>Jystedahls Pr\u00e6stegaard d 26 Februarij 1743<br \/>\nunderdanigste og ringeste tiener<br \/>\nM. Foss<\/p>\n<p><strong>Kjelde<\/strong><\/p>\n<p>Original i Riksarkivet, Danske Kanselli, Norske innlegg, pk. januar-juni 1743, 24. mai 1743, vedlegg A. [<a href=\"http:\/\/www.historielaget.jostedal.no\/?page_id=1130\">Kopi av alle originaldokument og meir om kva\u00a0saka galdt<\/a>]<\/p>\n","protected":false},"excerpt":{"rendered":"<p>P\u00e5 ny\u00e5ret 1743 sende stiftsamtmann Jonas Lym ei sak til Danske kanselli i K\u00f8benhavn om den kritiske stoda for allmugen i Jostedalen. Eitt av dei mange dokumenta i saka var dette brevet fr\u00e5 Matthias Foss, som fyrst og fremst fortel om stoda for prestefamilien, men \u00f2g noko om allmugen. Avskrift H\u00f8y\u00e6dle og Velbaarne Hr. Etatz-Raad [&hellip;]<\/p>\n","protected":false},"author":2,"featured_media":0,"parent":2599,"menu_order":2,"comment_status":"open","ping_status":"open","template":"","meta":{"ngg_post_thumbnail":0,"footnotes":""},"class_list":["post-1387","page","type-page","status-publish","hentry"],"_links":{"self":[{"href":"https:\/\/www.historielaget.jostedal.no\/index.php?rest_route=\/wp\/v2\/pages\/1387","targetHints":{"allow":["GET"]}}],"collection":[{"href":"https:\/\/www.historielaget.jostedal.no\/index.php?rest_route=\/wp\/v2\/pages"}],"about":[{"href":"https:\/\/www.historielaget.jostedal.no\/index.php?rest_route=\/wp\/v2\/types\/page"}],"author":[{"embeddable":true,"href":"https:\/\/www.historielaget.jostedal.no\/index.php?rest_route=\/wp\/v2\/users\/2"}],"replies":[{"embeddable":true,"href":"https:\/\/www.historielaget.jostedal.no\/index.php?rest_route=%2Fwp%2Fv2%2Fcomments&post=1387"}],"version-history":[{"count":5,"href":"https:\/\/www.historielaget.jostedal.no\/index.php?rest_route=\/wp\/v2\/pages\/1387\/revisions"}],"predecessor-version":[{"id":3365,"href":"https:\/\/www.historielaget.jostedal.no\/index.php?rest_route=\/wp\/v2\/pages\/1387\/revisions\/3365"}],"up":[{"embeddable":true,"href":"https:\/\/www.historielaget.jostedal.no\/index.php?rest_route=\/wp\/v2\/pages\/2599"}],"wp:attachment":[{"href":"https:\/\/www.historielaget.jostedal.no\/index.php?rest_route=%2Fwp%2Fv2%2Fmedia&parent=1387"}],"curies":[{"name":"wp","href":"https:\/\/api.w.org\/{rel}","templated":true}]}}

Brev frå Matthias Foss om det stusslege tilværet i Jostedalen (1743)

<p>På nyåret 1743 sende stiftsamtmann <a href="http://lokalhistoriewiki.no/index.php/Jonas_Lym">Jonas Lym</a> ei sak til Danske kanselli i København om den kritiske stoda for allmugen i Jostedalen. Eitt av dei mange dokumenta i saka var dette brevet frå Matthias Foss, som fyrst og fremst fortel om stoda for prestefamilien, men òg noko om allmugen.</p>
<p><strong>Avskrift</strong></p>
<p>Høyædle og Velbaarne Hr. Etatz-Raad Lüme Kongelig Majestets Stift-Amtmand sambt Præsident i Bergen Høy-gunstige Herre!</p>
<p>Det er mig andbefaled i andledning af Deris Velbaarenheds ordre til Provsten her i Sogn Velærværdige Hr Anders Daae, at ieg tillige med de andre Præster skal indgiive, som og af mig er efterlevet, det fastsatte Legatum mig pro officio Ministerii allernaadigst er forundt, dets summa indberegned til 26 rdlr og 4 sk, foruden 19 ½ tønde Korn mig af Kierkeeyerne her udj Sogn leveris hvorfra naar afgaaer dend omkostning med Skiøds og fortæring ieg maae deponere, inden ieg kand faae ovenmelte allernaadigst tillagde Korn til min boelig, haver ieg ikkun 15 ½ tønde Korn tilbage i behold, hvilket, og ey meere er mit ganske Kalds indkomst, det Deris Velbaarenhed selv kand erfare, saa at være i sandhed, naar samme mit Legatum bliiver Dem tilstilled fra Provsten;</p>
<p>Og da ieg for det første med Væemodighed Maae beklage min elendige trang, hvorledis ieg med min Kone og barn ere færdige at crepere af mangel paa det nødtørstige daglige brød formedelst mit kalds ringe indkomster, der ikke eengang kand extendere sig til halvdeelen af det eneboede klokker paa mange stæder haver aarlig til indtægt, indstiller ieg mig ved denne andledning for Deris Velbaarenhed, og bønfalder underdanigst med denne min andsøgning, at Deris Velbaarenhed vilde kaste dend høye gunst paa mig fattige mand, og ved sin recommendaton demonstrere min elendige tilstand heri dette usle giæld paa høyere stæder, da ieg ikke paatvifler at finde een naadig bønhørig og hielp i min nød; foruden dette at ieg maae mangle det brød ieg til nødtørstighed kunde putte i mund, har ieg kaldet tillige med mit huusfolk, væred i disse tiider dend store farligehed underkast, at tvende store sneeskred ere faldne af fieldene og Veltet sig tæt ind paa præstegaarden, hvilke, formedelst det stærke Væir og blæst som medfuldte, saa nær hafde omkastet præstegaardens huuse, der staar ikkun paa skrøbelige fødder, og alt saa voris Liv, som ere paa gaarden, stod i fare, og endnu fremdelis gaar her saa got som paa vore Liv, siiden vi atter seer paa samme stæder i fieldene tvende store sneeskreed samlede, og viide ikke hvilket øyeblik de vil nedfalde, Gud afvende(?) selv dend farlighed vi her ere exponerede udj!</p>
<p>Dend 3die post ieg her ved understaar mig at mentionere om, er at ieg maae tit og ofte 3 à 4de uger i rad sidde orkisløs, og ey kand være saa lykkelig at forrette Gudstieniste formedelst det forfærdelige Væir som her falder i Dahlen, særdelis med snee, der for aarsager, at folket er knap god for at komme ut af deris eget huus, end siiden i Guds huus, og om endskiøndt det kand om sommeren være god Vei, hender det sig dog ofte, at folket formedelst formedelst veiernes Længde ikke kommer til Kierke, forregivende, at de har aldrig haft, naar her har væred een fast præst til stædet, prædiken, uden hver 14de dag, ellers naar fremmede præster har beopvartet kaldet, da som udj et andet annex, er her holdet Gudstieneste undertiiden 3die, undertiden 4de uge i maaneden, alt efter veiens og leilighedens beskaffenhed, hvormed de har væred fornøyde. Alt saa nu ieg har fordriistet mig til at kundgiøre Deris Velbaarenhed, hvorledis det har sig her i Dahlen baade i dend eene og anden maade, tager ieg mig og herved dend frihed at sende een Copie liige ordlydende med dend udgangen allernaadigste <a href="http://www.historielaget.jostedal.no/?page_id=350">resoluton af Aar 1636</a>, som hviiler her ved kirken, hvormed beviisis at Jystedahlen dend tiid har været combinered med Goupnen, der nu er et annex under Lysters giæld; maatte dette nu behaggeligst[!] considereris, da maaske, nu som tilforn, kunde enten disse tvende kirker, tillige med efter forrestilling nok et andet annex, Joranger Kaldet, der ligger under Hafsloe præstegiæld, dog ey een gang een fierding Vei fra Goupnen, blive samlede til et kald for mig, da ieg nogenledis kunde have min nødtørstige underholdning, og de andre Præster hafde alligevel kierker nok, nemlig dend første i Lyster 3de, og dend anden i Hafsloe 4de til at forrette Gudstieniste udj; eller og naadigst kunde forefindis, at ieg kunde blive forflyttet fra dette usle sted, og Jystedahlen læggis, som et annex under Lysters giæld, da kaldet her oppe kunde heel vel beopvartis naar mand vilde helst om Lysters Capellan kom til at boe i Goupnen, thi veien til Dahlen kand dog reisis, særdelis om sommeren, da dend verste vei falder for baade i hendseende til dens besværlighed som og længde, i een halv dag fra Goupnen, det baade ieg selv, sambt andre Præster før mig har forsøgt, at naar tienisten i Jystedahlen om Søndagen har været til ende, endda først langt over middags tiid, har ieg kundet naae i god betiid til Goupnen eller Rønne samme dags aften, som ikke een men mange gange er arivered mig, da ieg af mangel paa huuslye maatte Logiere dernede;</p>
<p>Og det er Gud allene en bekient, hvor slet og begrædelig een tilstand her er  denne fattige bøgde, der ikkun bestaar af 22 heele og 6 halve gaarder, at barken af træerne er deris daglige brød, og naar almuen er i saa elendig een tilstand, kand behageligst overveiis, hvad levebrød her da kand være for een præst, naar hand ey kand obtinere det visse hand skal leve af, og af hvad aarsag, hand skal boe her oppe, naar Gudstieniste ikke, uden een gang i mellem som ieg forhen have meldet om, kand bliive forrettet. Og da ieg fra dend tiid paa Naadigste Konge vocered mig her til stædet som er førstkommende 15 May 2 aar siiden, stædse har maatte sat til, særdelis her i Jystedahlen, baade det eene og andet af mine effecter og eyendom, om ieg ikke skulde crepere, helst almuen har ikke i nogen Præstis tiid væred saa yderlig paa knæene, som nu, hvor ved ieg med dem er bleven ganske ruinered og armod er kommen over mig, som een bevæbnet mand, og om ieg ikke kand være saa lykkelig at obtinere meer til leevebrød, da førend ieg med kone og barn paa dette usle og jammerfulde stæd skal af hunger crepere, (thi om det end var een orm, stræber dend dog efter at dend kand conservere sit liv, siiden et menniske) seer ieg ingen anden udveie, end nøden driiver mig til at forlade stædet; See derfor Deris Velbaarenhed, naar mit Legatum bliver dem tilstilled, med et barmhiertigheds øye til min uselhed og fattige tilstand Gud skal det selv belønne. Og er ieg med største Submission</p>
<p>Høy-ædle og Velbaarne Hr. Etatz-Raads Høygunstige Herres</p>
<p>Jystedahls Præstegaard d 26 Februarij 1743<br />
underdanigste og ringeste tiener<br />
M. Foss</p>
<p><strong>Kjelde</strong></p>
<p>Original i Riksarkivet, Danske Kanselli, Norske innlegg, pk. januar-juni 1743, 24. mai 1743, vedlegg A. [<a href="http://www.historielaget.jostedal.no/?page_id=1130">Kopi av alle originaldokument og meir om kva saka galdt</a>]</p>

<p>På nyåret 1743 sende stiftsamtmann Jonas Lym ei sak til Danske kanselli i København om den kritiske stoda for allmugen i Jostedalen. Eitt av dei mange dokumenta i saka var dette brevet frå Matthias Foss, som fyrst og fremst fortel om stoda for prestefamilien, men òg noko om allmugen. Avskrift Høyædle og Velbaarne Hr. Etatz-Raad [&hellip;]</p>
