{"id":1655,"date":"2011-05-21T13:11:59","date_gmt":"2011-05-21T11:11:59","guid":{"rendered":"http:\/\/www.historielaget.jostedal.no\/?page_id=1655"},"modified":"2025-04-15T10:42:23","modified_gmt":"2025-04-15T08:42:23","slug":"manntal-og-r%c3%b8ysterett","status":"publish","type":"page","link":"https:\/\/www.historielaget.jostedal.no\/?page_id=1655","title":{"rendered":"Manntalsprotokoll 1829-1897"},"content":{"rendered":"<p><a href=\"http:\/\/www.historielaget.jostedal.no\/wordpress\/wp-content\/upLoads\/manntal_1814-18971.pdf\">Mandtal over de, i Overeensstemmelse med Grundloven, stemmeberettigede Indvaanere i Justedals Pr\u00e6stegjeld<\/a>\u00a0(5 Mb)<\/p>\n<p><strong>Kjelde<\/strong><br \/>\nStatsarkivet i Bergen, Jostedal sokneprestembete,\u00a0 Manntalsprotokoll for Jostedal prestegjeld 1814-1891 (<a href=\"https:\/\/www.arkivportalen.no\/entity\/d8dce2bb-d9c7-4c75-bb23-e7c0ad4f0903?ins=AV\">oppf\u00f8ring i arkivkatalogen<\/a>)<\/p>\n<p><strong>Om manntalsprotokollen<\/strong><br \/>\nParagraf 51 i 1814-grunnlova slo fast at presten og futen skulle f\u00f8re manntal over dei r\u00f8ystef\u00f8re. Den 24. juni 1828 vedtok Stortinget ei lov om manntalsf\u00f8ringa, og det vart no fastsett eit skjema for for protokollen.\u00a0I Jostedalen vart det sokneprest <a href=\"http:\/\/www.lokalhistoriewiki.no\/index.php\/Bernt_Anker_Leigh\">Bernt Anker Leigh <\/a>si oppg\u00e5ve \u00e5 ta til med den innskjerpa protokollf\u00f8ringa.<\/p>\n<p>Leigh f\u00f8rte fyrst inn dei som alt hadde hadde f\u00e5tt r\u00f8ysterett, og opplysningane hadde han truleg fr\u00e5 futen, som ogs\u00e5 f\u00f8rte manntal. Dei som hadde f\u00e5tt r\u00f8ysterettt f\u00f8r 1825, er innf\u00f8rte i tilsynelatande tilfeldig rekkjef\u00f8lgje. Her tok Leigh\u00a0sj\u00f8lvsagt berre med dei som framleis levde og framleis hadde r\u00f8ysterett. Han har ikkje f\u00f8rt inn dei som hadde f\u00e5tt r\u00f8ysterett sidan 1814, men som var d\u00f8de eller hadde mist r\u00f8ysteretten (t.d. k\u00e5rmenn eller andre som hadde selt garden) p\u00e5 det tidspunktet han tok til med protokollen.<\/p>\n<p>Heile fem av dei som fekk r\u00f8ysterett 1814-23 er dessutan f\u00f8rte opp med feil \u00e5r for avlagt eid, s\u00e5 her m\u00e5 ein g\u00e5 til tingboka for n\u00f8yaktige opplysningar (sj\u00e5 rettingar under\u00a0<a href=\"http:\/\/www.historielaget.jostedal.no\/?page_id=1672\">Josted\u00f8ler med r\u00f8ysterett 1814-1823<\/a>).<\/p>\n<p>Fr\u00e5 og med 1825 kjem s\u00e5 innf\u00f8rslane i manntalet kronologisk, og fr\u00e5 no f\u00f8rte Leigh \u00f2g inn alder slik lova sa. Leigh overtok ikkje prestekallet f\u00f8r april 1829, s\u00e5 det er det tidlegaste tidspunktet han kunne ha byrja p\u00e5 protokollen. Truleg har han teke til i samband med sommartinget 1829 d\u00e5 han likevel m\u00f8tte futen. Protokollen fortel at Leigh sj\u00f8lv og to b\u00f8nder avla eid 12.6.1829, som truleg er datoen for sommartinget. Ein god grunn til \u00e5 f\u00e5 manntalet i stand, var at det skulle vere stortingsval hausten 1829. Valmannsvalet var truleg i prestegjelda i august\/september.<\/p>\n<p><strong>Disposisjon<br \/>\n<\/strong>Protokollen har tre hovuddelar. Fyrste delen (s. 1a-2b) g\u00e5r til 1841, og her er innf\u00f8rslane kronologisk. P\u00e5 side 3a (til 8b) byrjar ei ny organisering av protokollen der gard for gard er oppf\u00f8rt. Denne delen ser ut til \u00e5 g\u00e5 fram til kring 1888. Den tredje og siste delen (s. 9a-14b) har presten byrja p\u00e5 nytt, med \u00e5 ta gard for gard etter matrikkelnummer.<\/p>\n<p><strong>Avslutta 1897<br \/>\n<\/strong>Ved ei lovendring i 1897 vart ansvaret for protokollf\u00f8ringa overf\u00f8rt fr\u00e5 presten til lensmannen. Protkollen sluttar s\u00e5leis i 1897, og lensmannen m\u00e5 ha byrja p\u00e5 ein heilt ny protokoll. Fr\u00e5 1898 var det dessutan allmenn r\u00f8ysterett for menn.<\/p>\n<p><strong>Litteratur<br \/>\n<\/strong>Mykland, Liv, og Kjell-Olav Masdalen. (1987). <em>Administrasjonshistorie og arkivkunnskap. Kommunene. <\/em>Oslo: Universitetsforlaget, s. 40-49. [<a href=\"https:\/\/urn.nb.no\/URN:NBN:no-nb_digibok_2007073004052\">Digital utg\u00e5ve, Nasjonalbiblioteket<\/a>]<\/p>\n","protected":false},"excerpt":{"rendered":"<p>Mandtal over de, i Overeensstemmelse med Grundloven, stemmeberettigede Indvaanere i Justedals Pr\u00e6stegjeld\u00a0(5 Mb) Kjelde Statsarkivet i Bergen, Jostedal sokneprestembete,\u00a0 Manntalsprotokoll for Jostedal prestegjeld 1814-1891 (oppf\u00f8ring i arkivkatalogen) Om manntalsprotokollen Paragraf 51 i 1814-grunnlova slo fast at presten og futen skulle f\u00f8re manntal over dei r\u00f8ystef\u00f8re. Den 24. juni 1828 vedtok Stortinget ei lov om manntalsf\u00f8ringa, [&hellip;]<\/p>\n","protected":false},"author":2,"featured_media":0,"parent":1653,"menu_order":3,"comment_status":"open","ping_status":"open","template":"","meta":{"ngg_post_thumbnail":0,"footnotes":""},"class_list":["post-1655","page","type-page","status-publish","hentry"],"_links":{"self":[{"href":"https:\/\/www.historielaget.jostedal.no\/index.php?rest_route=\/wp\/v2\/pages\/1655","targetHints":{"allow":["GET"]}}],"collection":[{"href":"https:\/\/www.historielaget.jostedal.no\/index.php?rest_route=\/wp\/v2\/pages"}],"about":[{"href":"https:\/\/www.historielaget.jostedal.no\/index.php?rest_route=\/wp\/v2\/types\/page"}],"author":[{"embeddable":true,"href":"https:\/\/www.historielaget.jostedal.no\/index.php?rest_route=\/wp\/v2\/users\/2"}],"replies":[{"embeddable":true,"href":"https:\/\/www.historielaget.jostedal.no\/index.php?rest_route=%2Fwp%2Fv2%2Fcomments&post=1655"}],"version-history":[{"count":21,"href":"https:\/\/www.historielaget.jostedal.no\/index.php?rest_route=\/wp\/v2\/pages\/1655\/revisions"}],"predecessor-version":[{"id":3853,"href":"https:\/\/www.historielaget.jostedal.no\/index.php?rest_route=\/wp\/v2\/pages\/1655\/revisions\/3853"}],"up":[{"embeddable":true,"href":"https:\/\/www.historielaget.jostedal.no\/index.php?rest_route=\/wp\/v2\/pages\/1653"}],"wp:attachment":[{"href":"https:\/\/www.historielaget.jostedal.no\/index.php?rest_route=%2Fwp%2Fv2%2Fmedia&parent=1655"}],"curies":[{"name":"wp","href":"https:\/\/api.w.org\/{rel}","templated":true}]}}