{"id":190,"date":"2008-07-26T23:33:38","date_gmt":"2008-07-26T21:33:38","guid":{"rendered":"http:\/\/www.historielaget.jostedal.no\/?page_id=190"},"modified":"2025-03-20T12:37:04","modified_gmt":"2025-03-20T10:37:04","slug":"justedalens-kortelige-beskrivelse-fulltekst","status":"publish","type":"page","link":"https:\/\/www.historielaget.jostedal.no\/?page_id=190","title":{"rendered":"Justedalens kortelige Beskrivelse (fulltekst)"},"content":{"rendered":"<p><a href=\"https:\/\/www.historielaget.jostedal.no\/wordpress\/wp-content\/upLoads\/Foss_Beskrivelse_2009.pdf\">Justedalens kortelige Beksrivelse, avskrift (1802-utg\u00e5va)<\/a>\u00a0(moderne skrift)<\/p>\n<p><a href=\"http:\/\/urn.nb.no\/URN:NBN:no-nb_digibok_2009022713004\">Justedalens kortelige Beskrivelse, skanna (1802-utg\u00e5va)<\/a> (NBdigital, gotisk skrift)<\/p>\n<p><a href=\"http:\/\/www.historielaget.jostedal.no\/foss-1750.pdf\">Justedahlens kortelige Beskrivelse, originalmanuskriptet (1750)<\/a> (50 Mb, gotisk handskrift)<\/p>\n<p><em>Justedalens kortelige Beskrivelse <\/em>er her tilgjengeleg i tre utg\u00e5ver. Den eine er ei skanna utg\u00e5ve av den prenta versjonen fr\u00e5 1802, som stod i <em>Magazin for Danmark og Norges topographiske, oekonomiske og statistiske Beskrivelse <\/em>(1802), s. 1-44.<\/p>\n<p>Mest lettlesen er avskrifta av 1802-utg\u00e5va, gjort i\u00a0august 2009.\u00a0Ho erstattar ei avskrift som har lege ute p\u00e5 nettstaden sidan november 2002.<\/p>\n<p>I februar 2010 vart \u00f2g ein kopi av originalmanuskriptet fr\u00e5 1750 lagt ut. Manuskriptet ligg i Det kongelige Bibliotek i K\u00f8benhavn og har katalogsignaturen &laquo;Thott No 934 fol&raquo;. Me fekk ein fotokopi av manuskriptet i 2005, og det er fotokopien som her er skanna. Les\u00a0<a href=\"http:\/\/www.historielaget.jostedal.no\/?page_id=192\">meir om originalmanuskriptet<\/a>.<\/p>\n<p>For fleire opplysningar om Foss, teksten og denne digitale utg\u00e5va, sj\u00e5 \u00a0<a href=\"http:\/\/www.historielaget.jostedal.no\/?page_id=20\">Om Foss og jostedalsskildringa<\/a>.<\/p>\n","protected":false},"excerpt":{"rendered":"<p>Justedalens kortelige Beksrivelse, avskrift (1802-utg\u00e5va)\u00a0(moderne skrift) Justedalens kortelige Beskrivelse, skanna (1802-utg\u00e5va) (NBdigital, gotisk skrift) Justedahlens kortelige Beskrivelse, originalmanuskriptet (1750) (50 Mb, gotisk handskrift) Justedalens kortelige Beskrivelse er her tilgjengeleg i tre utg\u00e5ver. Den eine er ei skanna utg\u00e5ve av den prenta versjonen fr\u00e5 1802, som stod i Magazin for Danmark og Norges topographiske, oekonomiske og [&hellip;]<\/p>\n","protected":false},"author":2,"featured_media":0,"parent":8,"menu_order":1,"comment_status":"open","ping_status":"closed","template":"","meta":{"ngg_post_thumbnail":0,"footnotes":""},"class_list":["post-190","page","type-page","status-publish","hentry"],"_links":{"self":[{"href":"https:\/\/www.historielaget.jostedal.no\/index.php?rest_route=\/wp\/v2\/pages\/190","targetHints":{"allow":["GET"]}}],"collection":[{"href":"https:\/\/www.historielaget.jostedal.no\/index.php?rest_route=\/wp\/v2\/pages"}],"about":[{"href":"https:\/\/www.historielaget.jostedal.no\/index.php?rest_route=\/wp\/v2\/types\/page"}],"author":[{"embeddable":true,"href":"https:\/\/www.historielaget.jostedal.no\/index.php?rest_route=\/wp\/v2\/users\/2"}],"replies":[{"embeddable":true,"href":"https:\/\/www.historielaget.jostedal.no\/index.php?rest_route=%2Fwp%2Fv2%2Fcomments&post=190"}],"version-history":[{"count":8,"href":"https:\/\/www.historielaget.jostedal.no\/index.php?rest_route=\/wp\/v2\/pages\/190\/revisions"}],"predecessor-version":[{"id":3653,"href":"https:\/\/www.historielaget.jostedal.no\/index.php?rest_route=\/wp\/v2\/pages\/190\/revisions\/3653"}],"up":[{"embeddable":true,"href":"https:\/\/www.historielaget.jostedal.no\/index.php?rest_route=\/wp\/v2\/pages\/8"}],"wp:attachment":[{"href":"https:\/\/www.historielaget.jostedal.no\/index.php?rest_route=%2Fwp%2Fv2%2Fmedia&parent=190"}],"curies":[{"name":"wp","href":"https:\/\/api.w.org\/{rel}","templated":true}]}}