{"id":22,"date":"2007-05-12T22:07:15","date_gmt":"2007-05-12T20:07:15","guid":{"rendered":"http:\/\/www.historielaget.jostedal.no\/?page_id=22"},"modified":"2025-04-13T09:01:17","modified_gmt":"2025-04-13T07:01:17","slug":"om-foss-i-bergens-stifts-biskoper-og-pr%c3%a6ster-1895","status":"publish","type":"page","link":"https:\/\/www.historielaget.jostedal.no\/?page_id=22","title":{"rendered":"J. F. Lampe om Foss (1895)"},"content":{"rendered":"<p><strong>Mathias J\u00f8rgensen Foss<\/strong><\/p>\n<p>F\u00f8dt i Kj\u00f8benhavn 8. Marts 1714. Blev 31. Juli 1733 dimitteret fra Sor\u00f8 Skole og tog tehol. Examen 1741. Blev Sognepr\u00e6st til Jostedal 15. Mai 1741 og forblev her i over 50 Aar, da han d\u00f8de 31. jan. 1792 som Jubell\u00e6rer.<\/p>\n<p>Han havde gode naturlige Evner og var ingen ul\u00e6rd Mand, men Fattigdom i Forening med et uheldigt \u00e6gteskabeligt Samliv og maaske altfor stor Str\u00e6nghed overfor en stridig og raa Almue i hans f\u00f8rste Embedsaar, gjorde ham mindre paaagtet af hans Foresatte, der lod ham indtil sin D\u00f8d sidde paa dette ensomme og fattige Sted til liden Gavn baade for ham selv og Menigheden. Ved Biskop Bornemann\u2019s Visitats i Lyster, hvor saavel Pr\u00e6sten som en Del af Almuen tilligemed Skoleb\u00f8rnene m\u00f8dte, da ingen Biskop pleiede at visitere i Jostedalen paa Grund af Reisens Besv\u00e6rlighed, indkom Klage over deres Pr\u00e6st, og hvor uberettiget den i det v\u00e6sentlige var, havde den dog en Provsterets Neds\u00e6ttelse til F\u00f8lge. Imidlertid angrede Klagerne sine Beskyldninger og s\u00f8gte at formaa Pr\u00e6sten til at forlige sig med dem, hvilket han ogsaa var villig til, og under Retten den 10. April 1746, der bestod af Provsten Anders Daae og den personelle Kapellan Christopher Munthe i Lyster, oprettedes et Dokument, hvorved Klagerne frafaldt alle sine Beskyldninger og lovede \u201daf deres angergivne Hjerter en sand og alvorlig Poenitence for deres begagne Forseelse uden Tvang og Trudsel og for at have en god Samvittighed at indfinde sig til aabenbar Skriftestaaelse jo f\u00f8r jo heller\u201d. Endelig tilholdtes Sognepr\u00e6st Foss \u201defterdags at begegne Almuen med st\u00f8rre Kj\u00e6rligehed og Sagtmodighed efter en retsindig Sj\u00e6les\u00f8rgers Pligt\u201d. I Aaret 1752 fremstod Pr\u00e6sten selv som Klager over Almuen, dels for Fors\u00f8mmelse med Hensyn til B\u00f8rnenes Skolegang, dels andre Ting Embedet og Kirketjenesten vedkommende, saavelsom og for \u201dubekvemme Talemaader og \u00e6rer\u00f8rige Expressioner\u201d, hvorfor Pontoppidan under 24. Jan. 1753 befalede en Provsteret nedsat, hvilken d\u00f8mte de Skyldige til foruden at gj\u00f8re Pr\u00e6sten Afbigt, at erl\u00e6gge i Mulkt til Justitskassen, til Pr\u00e6stegj\u00e6ldets Skolekasse, i Procesomkostninger osv. 25 Rdr. 4 Sk. Hvad der imidlertid blev ham selv til Skade og hans Embede til Nedv\u00e6rdigelse var den Uenighed, der i lang Tid fandt Sted mellem ham og hans nedenanf\u00f8rte Hustru, hvilken gik saa vidt, at hans geistlige Foresatte saa sig n\u00f8dsaget at skride ind og andrage Sagen for Kirkeinspektionskollegiet. De blev omsider 1763 separerede, og Hustruen, der erholdt i Underholdningsbidrag 30 Rdr. aarlig, tilbragte sine sidste Leveaar i Bergen i den st\u00f8rste Armod \u2013 tildels i Tugthuset (dengang ikke nogen Strafanstalt).<\/p>\n<p>Gift med Marie Hedvig Christine Dreyer, \u2020 i Bergen 1777, begr. 8. Febr., 66 Aar gammel. De havde 10 B\u00f8rn, hvoraf de fleste d\u00f8de i ung Alder. (Se <a href=\"http:\/\/www.historielaget.jostedal.no\/?page_id=21\">D. Thrap: Berg. Kirkeforhold efter Pontoppidan<\/a>, i Luth. Ugeskr. 1877, 2det Halvaar. I Thaarups Mag., II, S. 1-44, har han leveret en <a href=\"http:\/\/www.historielaget.jostedal.no\/?page_id=190\">Beskrivelse over Jostedalen<\/a>.)<\/p>\n<p><strong>Kjelde<\/strong><\/p>\n<p>Lampe, Johan Fredrik. (1895). <em>Bergens stifts biskoper og pr\u00e6ster efter reformationen. Biografiske efterretninger<\/em>. (Bd. 2). Kristiania: Cammermeyer, side 3-4. [<a href=\"https:\/\/urn.nb.no\/URN:NBN:no-nb_digibok_2009100500063\">Digital utg\u00e5ve, Nasjonalbiblioteket<\/a>]<\/p>\n","protected":false},"excerpt":{"rendered":"<p>Mathias J\u00f8rgensen Foss F\u00f8dt i Kj\u00f8benhavn 8. Marts 1714. Blev 31. Juli 1733 dimitteret fra Sor\u00f8 Skole og tog tehol. Examen 1741. Blev Sognepr\u00e6st til Jostedal 15. Mai 1741 og forblev her i over 50 Aar, da han d\u00f8de 31. jan. 1792 som Jubell\u00e6rer. Han havde gode naturlige Evner og var ingen ul\u00e6rd Mand, men [&hellip;]<\/p>\n","protected":false},"author":2,"featured_media":0,"parent":2606,"menu_order":4,"comment_status":"open","ping_status":"closed","template":"","meta":{"ngg_post_thumbnail":0,"footnotes":""},"class_list":["post-22","page","type-page","status-publish","hentry"],"_links":{"self":[{"href":"https:\/\/www.historielaget.jostedal.no\/index.php?rest_route=\/wp\/v2\/pages\/22","targetHints":{"allow":["GET"]}}],"collection":[{"href":"https:\/\/www.historielaget.jostedal.no\/index.php?rest_route=\/wp\/v2\/pages"}],"about":[{"href":"https:\/\/www.historielaget.jostedal.no\/index.php?rest_route=\/wp\/v2\/types\/page"}],"author":[{"embeddable":true,"href":"https:\/\/www.historielaget.jostedal.no\/index.php?rest_route=\/wp\/v2\/users\/2"}],"replies":[{"embeddable":true,"href":"https:\/\/www.historielaget.jostedal.no\/index.php?rest_route=%2Fwp%2Fv2%2Fcomments&post=22"}],"version-history":[{"count":3,"href":"https:\/\/www.historielaget.jostedal.no\/index.php?rest_route=\/wp\/v2\/pages\/22\/revisions"}],"predecessor-version":[{"id":3733,"href":"https:\/\/www.historielaget.jostedal.no\/index.php?rest_route=\/wp\/v2\/pages\/22\/revisions\/3733"}],"up":[{"embeddable":true,"href":"https:\/\/www.historielaget.jostedal.no\/index.php?rest_route=\/wp\/v2\/pages\/2606"}],"wp:attachment":[{"href":"https:\/\/www.historielaget.jostedal.no\/index.php?rest_route=%2Fwp%2Fv2%2Fmedia&parent=22"}],"curies":[{"name":"wp","href":"https:\/\/api.w.org\/{rel}","templated":true}]}}

<p><strong>Mathias Jørgensen Foss</strong></p>
<p>Født i Kjøbenhavn 8. Marts 1714. Blev 31. Juli 1733 dimitteret fra Sorø Skole og tog tehol. Examen 1741. Blev Sognepræst til Jostedal 15. Mai 1741 og forblev her i over 50 Aar, da han døde 31. jan. 1792 som Jubellærer.</p>
<p>Han havde gode naturlige Evner og var ingen ulærd Mand, men Fattigdom i Forening med et uheldigt ægteskabeligt Samliv og maaske altfor stor Strænghed overfor en stridig og raa Almue i hans første Embedsaar, gjorde ham mindre paaagtet af hans Foresatte, der lod ham indtil sin Død sidde paa dette ensomme og fattige Sted til liden Gavn baade for ham selv og Menigheden. Ved Biskop Bornemann’s Visitats i Lyster, hvor saavel Præsten som en Del af Almuen tilligemed Skolebørnene mødte, da ingen Biskop pleiede at visitere i Jostedalen paa Grund af Reisens Besværlighed, indkom Klage over deres Præst, og hvor uberettiget den i det væsentlige var, havde den dog en Provsterets Nedsættelse til Følge. Imidlertid angrede Klagerne sine Beskyldninger og søgte at formaa Præsten til at forlige sig med dem, hvilket han ogsaa var villig til, og under Retten den 10. April 1746, der bestod af Provsten Anders Daae og den personelle Kapellan Christopher Munthe i Lyster, oprettedes et Dokument, hvorved Klagerne frafaldt alle sine Beskyldninger og lovede ”af deres angergivne Hjerter en sand og alvorlig Poenitence for deres begagne Forseelse uden Tvang og Trudsel og for at have en god Samvittighed at indfinde sig til aabenbar Skriftestaaelse jo før jo heller”. Endelig tilholdtes Sognepræst Foss ”efterdags at begegne Almuen med større Kjærligehed og Sagtmodighed efter en retsindig Sjælesørgers Pligt”. I Aaret 1752 fremstod Præsten selv som Klager over Almuen, dels for Forsømmelse med Hensyn til Børnenes Skolegang, dels andre Ting Embedet og Kirketjenesten vedkommende, saavelsom og for ”ubekvemme Talemaader og ærerørige Expressioner”, hvorfor Pontoppidan under 24. Jan. 1753 befalede en Provsteret nedsat, hvilken dømte de Skyldige til foruden at gjøre Præsten Afbigt, at erlægge i Mulkt til Justitskassen, til Præstegjældets Skolekasse, i Procesomkostninger osv. 25 Rdr. 4 Sk. Hvad der imidlertid blev ham selv til Skade og hans Embede til Nedværdigelse var den Uenighed, der i lang Tid fandt Sted mellem ham og hans nedenanførte Hustru, hvilken gik saa vidt, at hans geistlige Foresatte saa sig nødsaget at skride ind og andrage Sagen for Kirkeinspektionskollegiet. De blev omsider 1763 separerede, og Hustruen, der erholdt i Underholdningsbidrag 30 Rdr. aarlig, tilbragte sine sidste Leveaar i Bergen i den største Armod – tildels i Tugthuset (dengang ikke nogen Strafanstalt).</p>
<p>Gift med Marie Hedvig Christine Dreyer, † i Bergen 1777, begr. 8. Febr., 66 Aar gammel. De havde 10 Børn, hvoraf de fleste døde i ung Alder. (Se <a href="http://www.historielaget.jostedal.no/?page_id=21">D. Thrap: Berg. Kirkeforhold efter Pontoppidan</a>, i Luth. Ugeskr. 1877, 2det Halvaar. I Thaarups Mag., II, S. 1-44, har han leveret en <a href="http://www.historielaget.jostedal.no/?page_id=190">Beskrivelse over Jostedalen</a>.)</p>
<p><strong>Kjelde</strong></p>
<p>Lampe, Johan Fredrik. (1895). <em>Bergens stifts biskoper og præster efter reformationen. Biografiske efterretninger</em>. (Bd. 2). Kristiania: Cammermeyer, side 3-4. [<a href="https://urn.nb.no/URN:NBN:no-nb_digibok_2009100500063">Digital utgåve, Nasjonalbiblioteket</a>]</p>

<p>Mathias Jørgensen Foss Født i Kjøbenhavn 8. Marts 1714. Blev 31. Juli 1733 dimitteret fra Sorø Skole og tog tehol. Examen 1741. Blev Sognepræst til Jostedal 15. Mai 1741 og forblev her i over 50 Aar, da han døde 31. jan. 1792 som Jubellærer. Han havde gode naturlige Evner og var ingen ulærd Mand, men [&hellip;]</p>
