{"id":2200,"date":"2012-02-23T00:26:48","date_gmt":"2012-02-22T22:26:48","guid":{"rendered":"http:\/\/www.historielaget.jostedal.no\/?page_id=2200"},"modified":"2012-02-23T00:26:48","modified_gmt":"2012-02-22T22:26:48","slug":"brev-om-skilsmissa-1763","status":"publish","type":"page","link":"https:\/\/www.historielaget.jostedal.no\/?page_id=2200","title":{"rendered":"Brev om skilsmissa (1763)"},"content":{"rendered":"<p>I 1763 fekk Matthias Foss l\u00f8yve til \u00e5 skilje seg fr\u00e5 kona Marie Dreier. Her er eit brev fr\u00e5 biskop Fridrich Arentz til prost Jonas Daae om separasjonen.<\/p>\n<p><strong>Avskrift<\/strong><\/p>\n<p>Vel\u00e6dle og Vel\u00e6rv\u00e6rdige Hr. Provst!<\/p>\n<p>Den paa begge Sider frivillige Separation qvoad mensam et forum[?], hvilken sub certis cirium stanus er indgaaed mellem Hr. Mathias Foss og Hans kone, maa man tillade, for ikke at gi\u00f8re ondt verre, men e dudbus[?] malis eligere minus: Mand har i det \u00f8vrige Exempler paa, at med saadan Separation bliver conniveret: Mand kand disuden gi\u00f8re sig Haab, at ved saadan Separation vil Gemytterne asponeris at forlange Selv igien den EgteManden tilh\u00f8rende sammenboelse, hvilket ey var at tvile paa, om den paabankende Naade maatte givis Rum. \u2013 Hvad Mad<sup>me<\/sup> Fosses Alter Gang angaar, tilladis hende nu at communicere paa den Sted, hun opholder sig, naar ellers Stedets Sogne Pr\u00e6st efter foregaaende alvorlige semmelige Formaninger finder denne arme Synderinde i den Stand, at Han med Frimodighed kand betiene hende, for alle Ting at han seer til saavidt en Siele-S\u00f8rger er tilladt at inqvirere hos en Confitent, at ikke noget bittert Had til Manden ligger i hendis hierte (Jeg taler kun om savidt mand kand spore, resten overladis hiertets store Randsagere) saa og at Prosten det beste han kand, seer til at forekomme, at hun ikke som en blind Siel skal gi\u00f8re Sacramentets brug til et blot opus operatum, og derved heller forh\u00e6rdis i uanvendt sind end forbedres. Jeg tviler ey paa at jo Deres Vel\u00e6rv\u00e6rdighed selv end mere indsk\u00e6rper dette betydelige for vedkommende, naar denne min Tilladelse communiceris. Saaledes maa Vi ligesom med samlet Magt see at redde een Siel fra D\u00f8den, og saa skiele dyedernis Mangfoldighed. \u2013<\/p>\n<p>Jeg forbliver nest beste \u00d8nske<\/p>\n<p>Deris Vel\u00e6dle Vel\u00e6rv\u00e6rdigheds<br \/>\ntienstberedvilligste Tiener<\/p>\n<p>Fridrich Arentz<\/p>\n<p>Bergens bispe-Gaard<br \/>\nd 3die Maji 1763<\/p>\n<p>til Provsten Hr. J: Daae<\/p>\n<p><strong>Kjelde<\/strong><\/p>\n<p>Statsarkivet i Bergen, Sogn prosti, Pakkar, Journalsaker nr. 2, 1712-1787.<\/p>\n","protected":false},"excerpt":{"rendered":"<p>I 1763 fekk Matthias Foss l\u00f8yve til \u00e5 skilje seg fr\u00e5 kona Marie Dreier. Her er eit brev fr\u00e5 biskop Fridrich Arentz til prost Jonas Daae om separasjonen. Avskrift Vel\u00e6dle og Vel\u00e6rv\u00e6rdige Hr. Provst! Den paa begge Sider frivillige Separation qvoad mensam et forum[?], hvilken sub certis cirium stanus er indgaaed mellem Hr. Mathias Foss [&hellip;]<\/p>\n","protected":false},"author":2,"featured_media":0,"parent":2599,"menu_order":10,"comment_status":"open","ping_status":"open","template":"","meta":{"ngg_post_thumbnail":0,"footnotes":""},"class_list":["post-2200","page","type-page","status-publish","hentry"],"_links":{"self":[{"href":"https:\/\/www.historielaget.jostedal.no\/index.php?rest_route=\/wp\/v2\/pages\/2200","targetHints":{"allow":["GET"]}}],"collection":[{"href":"https:\/\/www.historielaget.jostedal.no\/index.php?rest_route=\/wp\/v2\/pages"}],"about":[{"href":"https:\/\/www.historielaget.jostedal.no\/index.php?rest_route=\/wp\/v2\/types\/page"}],"author":[{"embeddable":true,"href":"https:\/\/www.historielaget.jostedal.no\/index.php?rest_route=\/wp\/v2\/users\/2"}],"replies":[{"embeddable":true,"href":"https:\/\/www.historielaget.jostedal.no\/index.php?rest_route=%2Fwp%2Fv2%2Fcomments&post=2200"}],"version-history":[{"count":1,"href":"https:\/\/www.historielaget.jostedal.no\/index.php?rest_route=\/wp\/v2\/pages\/2200\/revisions"}],"predecessor-version":[{"id":2201,"href":"https:\/\/www.historielaget.jostedal.no\/index.php?rest_route=\/wp\/v2\/pages\/2200\/revisions\/2201"}],"up":[{"embeddable":true,"href":"https:\/\/www.historielaget.jostedal.no\/index.php?rest_route=\/wp\/v2\/pages\/2599"}],"wp:attachment":[{"href":"https:\/\/www.historielaget.jostedal.no\/index.php?rest_route=%2Fwp%2Fv2%2Fmedia&parent=2200"}],"curies":[{"name":"wp","href":"https:\/\/api.w.org\/{rel}","templated":true}]}}

<p>I 1763 fekk Matthias Foss løyve til å skilje seg frå kona Marie Dreier. Her er eit brev frå biskop Fridrich Arentz til prost Jonas Daae om separasjonen.</p>
<p><strong>Avskrift</strong></p>
<p>Velædle og Velærværdige Hr. Provst!</p>
<p>Den paa begge Sider frivillige Separation qvoad mensam et forum[?], hvilken sub certis cirium stanus er indgaaed mellem Hr. Mathias Foss og Hans kone, maa man tillade, for ikke at giøre ondt verre, men e dudbus[?] malis eligere minus: Mand har i det øvrige Exempler paa, at med saadan Separation bliver conniveret: Mand kand disuden giøre sig Haab, at ved saadan Separation vil Gemytterne asponeris at forlange Selv igien den EgteManden tilhørende sammenboelse, hvilket ey var at tvile paa, om den paabankende Naade maatte givis Rum. – Hvad Mad<sup>me</sup> Fosses Alter Gang angaar, tilladis hende nu at communicere paa den Sted, hun opholder sig, naar ellers Stedets Sogne Præst efter foregaaende alvorlige semmelige Formaninger finder denne arme Synderinde i den Stand, at Han med Frimodighed kand betiene hende, for alle Ting at han seer til saavidt en Siele-Sørger er tilladt at inqvirere hos en Confitent, at ikke noget bittert Had til Manden ligger i hendis hierte (Jeg taler kun om savidt mand kand spore, resten overladis hiertets store Randsagere) saa og at Prosten det beste han kand, seer til at forekomme, at hun ikke som en blind Siel skal giøre Sacramentets brug til et blot opus operatum, og derved heller forhærdis i uanvendt sind end forbedres. Jeg tviler ey paa at jo Deres Velærværdighed selv end mere indskærper dette betydelige for vedkommende, naar denne min Tilladelse communiceris. Saaledes maa Vi ligesom med samlet Magt see at redde een Siel fra Døden, og saa skiele dyedernis Mangfoldighed. –</p>
<p>Jeg forbliver nest beste Ønske</p>
<p>Deris Velædle Velærværdigheds<br />
tienstberedvilligste Tiener</p>
<p>Fridrich Arentz</p>
<p>Bergens bispe-Gaard<br />
d 3die Maji 1763</p>
<p>til Provsten Hr. J: Daae</p>
<p><strong>Kjelde</strong></p>
<p>Statsarkivet i Bergen, Sogn prosti, Pakkar, Journalsaker nr. 2, 1712-1787.</p>

<p>I 1763 fekk Matthias Foss løyve til å skilje seg frå kona Marie Dreier. Her er eit brev frå biskop Fridrich Arentz til prost Jonas Daae om separasjonen. Avskrift Velædle og Velærværdige Hr. Provst! Den paa begge Sider frivillige Separation qvoad mensam et forum[?], hvilken sub certis cirium stanus er indgaaed mellem Hr. Mathias Foss [&hellip;]</p>
