{"id":2515,"date":"2013-01-20T00:20:14","date_gmt":"2013-01-19T22:20:14","guid":{"rendered":"http:\/\/www.historielaget.jostedal.no\/?page_id=2515"},"modified":"2025-07-31T22:05:53","modified_gmt":"2025-07-31T20:05:53","slug":"jostedal-skule-og-bygdeavis","status":"publish","type":"page","link":"https:\/\/www.historielaget.jostedal.no\/?page_id=2515","title":{"rendered":"Jostedal skule- og bygdeavis"},"content":{"rendered":"<p><a href=\"http:\/\/www.historielaget.jostedal.no\/wordpress\/wp-content\/upLoads\/JSA_01_1977.jpg\"><img loading=\"lazy\" decoding=\"async\" class=\"alignleft size-thumbnail wp-image-2516\" title=\"JSA_01_1977\" src=\"http:\/\/www.historielaget.jostedal.no\/wordpress\/wp-content\/upLoads\/JSA_01_1977-150x217.jpg\" alt=\"\" width=\"150\" height=\"217\" srcset=\"https:\/\/www.historielaget.jostedal.no\/wordpress\/wp-content\/upLoads\/JSA_01_1977-150x217.jpg 150w, https:\/\/www.historielaget.jostedal.no\/wordpress\/wp-content\/upLoads\/JSA_01_1977-300x434.jpg 300w, https:\/\/www.historielaget.jostedal.no\/wordpress\/wp-content\/upLoads\/JSA_01_1977-706x1024.jpg 706w, https:\/\/www.historielaget.jostedal.no\/wordpress\/wp-content\/upLoads\/JSA_01_1977.jpg 876w\" sizes=\"auto, (max-width: 150px) 100vw, 150px\" \/><\/a>Jostedal skule- og bygdeavis (JSA) har kome ut sidan 1977. Fram til 1997 kom det ut to nummer \u00e5rleg, og sidan d\u00e5 eitt i \u00e5ret. 2016-heftet var s\u00e5leis nummer 60 i rekkja.<\/p>\n<p>Bladet har heile tida innehalde lokalhistoriske artiklar. S\u00e5 langt er dei eldste \u00e5rgangane digitaliserte.<\/p>\n<p>Digitale utg\u00e5ver: <a href=\"https:\/\/issuu.com\/jostedalhistorielag\/stacks\/65cfb5f43646459db3a0cde389730c4c\">Jostedal skule- og bygdeavis p\u00e5 issuu.com<\/a> [fungerer ikkje 31.7.2025]<\/p>\n<p><a href=\"http:\/\/www.lokalhistoriewiki.no\/index.php\/JSA\">Les meir om JSA p\u00e5 lokalhistoriewiki.<\/a><\/p>\n","protected":false},"excerpt":{"rendered":"<p>Jostedal skule- og bygdeavis (JSA) har kome ut sidan 1977. Fram til 1997 kom det ut to nummer \u00e5rleg, og sidan d\u00e5 eitt i \u00e5ret. 2016-heftet var s\u00e5leis nummer 60 i rekkja. Bladet har heile tida innehalde lokalhistoriske artiklar. S\u00e5 langt er dei eldste \u00e5rgangane digitaliserte. Digitale utg\u00e5ver: Jostedal skule- og bygdeavis p\u00e5 issuu.com [fungerer [&hellip;]<\/p>\n","protected":false},"author":2,"featured_media":0,"parent":3,"menu_order":3,"comment_status":"open","ping_status":"open","template":"","meta":{"ngg_post_thumbnail":0,"footnotes":""},"class_list":["post-2515","page","type-page","status-publish","hentry"],"_links":{"self":[{"href":"https:\/\/www.historielaget.jostedal.no\/index.php?rest_route=\/wp\/v2\/pages\/2515","targetHints":{"allow":["GET"]}}],"collection":[{"href":"https:\/\/www.historielaget.jostedal.no\/index.php?rest_route=\/wp\/v2\/pages"}],"about":[{"href":"https:\/\/www.historielaget.jostedal.no\/index.php?rest_route=\/wp\/v2\/types\/page"}],"author":[{"embeddable":true,"href":"https:\/\/www.historielaget.jostedal.no\/index.php?rest_route=\/wp\/v2\/users\/2"}],"replies":[{"embeddable":true,"href":"https:\/\/www.historielaget.jostedal.no\/index.php?rest_route=%2Fwp%2Fv2%2Fcomments&post=2515"}],"version-history":[{"count":13,"href":"https:\/\/www.historielaget.jostedal.no\/index.php?rest_route=\/wp\/v2\/pages\/2515\/revisions"}],"predecessor-version":[{"id":4065,"href":"https:\/\/www.historielaget.jostedal.no\/index.php?rest_route=\/wp\/v2\/pages\/2515\/revisions\/4065"}],"up":[{"embeddable":true,"href":"https:\/\/www.historielaget.jostedal.no\/index.php?rest_route=\/wp\/v2\/pages\/3"}],"wp:attachment":[{"href":"https:\/\/www.historielaget.jostedal.no\/index.php?rest_route=%2Fwp%2Fv2%2Fmedia&parent=2515"}],"curies":[{"name":"wp","href":"https:\/\/api.w.org\/{rel}","templated":true}]}}