{"id":2599,"date":"2013-07-12T10:52:31","date_gmt":"2013-07-12T08:52:31","guid":{"rendered":"http:\/\/www.historielaget.jostedal.no\/?page_id=2599"},"modified":"2013-07-12T10:52:31","modified_gmt":"2013-07-12T08:52:31","slug":"kjelder-av-og-om-foss","status":"publish","type":"page","link":"https:\/\/www.historielaget.jostedal.no\/?page_id=2599","title":{"rendered":"Kjelder av og om Foss"},"content":{"rendered":"<p>Her har me samla ein del kjelder som vart til i levetida til Matthias Foss (1714-1792). Nokre f\u00e5 er skrivne av han sj\u00f8lve, dei fleste av andre &#8211; sj\u00e5 h\u00f8gremenyen.<\/p>\n","protected":false},"excerpt":{"rendered":"<p>Her har me samla ein del kjelder som vart til i levetida til Matthias Foss (1714-1792). Nokre f\u00e5 er skrivne av han sj\u00f8lve, dei fleste av andre &#8211; sj\u00e5 h\u00f8gremenyen.<\/p>\n","protected":false},"author":2,"featured_media":0,"parent":8,"menu_order":3,"comment_status":"open","ping_status":"open","template":"","meta":{"ngg_post_thumbnail":0,"footnotes":""},"class_list":["post-2599","page","type-page","status-publish","hentry"],"_links":{"self":[{"href":"https:\/\/www.historielaget.jostedal.no\/index.php?rest_route=\/wp\/v2\/pages\/2599","targetHints":{"allow":["GET"]}}],"collection":[{"href":"https:\/\/www.historielaget.jostedal.no\/index.php?rest_route=\/wp\/v2\/pages"}],"about":[{"href":"https:\/\/www.historielaget.jostedal.no\/index.php?rest_route=\/wp\/v2\/types\/page"}],"author":[{"embeddable":true,"href":"https:\/\/www.historielaget.jostedal.no\/index.php?rest_route=\/wp\/v2\/users\/2"}],"replies":[{"embeddable":true,"href":"https:\/\/www.historielaget.jostedal.no\/index.php?rest_route=%2Fwp%2Fv2%2Fcomments&post=2599"}],"version-history":[{"count":1,"href":"https:\/\/www.historielaget.jostedal.no\/index.php?rest_route=\/wp\/v2\/pages\/2599\/revisions"}],"predecessor-version":[{"id":2600,"href":"https:\/\/www.historielaget.jostedal.no\/index.php?rest_route=\/wp\/v2\/pages\/2599\/revisions\/2600"}],"up":[{"embeddable":true,"href":"https:\/\/www.historielaget.jostedal.no\/index.php?rest_route=\/wp\/v2\/pages\/8"}],"wp:attachment":[{"href":"https:\/\/www.historielaget.jostedal.no\/index.php?rest_route=%2Fwp%2Fv2%2Fmedia&parent=2599"}],"curies":[{"name":"wp","href":"https:\/\/api.w.org\/{rel}","templated":true}]}}

<p>Her har me samla ein del kjelder som vart til i levetida til Matthias Foss (1714-1792). Nokre få er skrivne av han sjølve, dei fleste av andre &#8211; sjå høgremenyen.</p>
