{"id":2729,"date":"2013-08-14T00:51:27","date_gmt":"2013-08-13T22:51:27","guid":{"rendered":"http:\/\/www.historielaget.jostedal.no\/?page_id=2729"},"modified":"2014-06-14T21:08:52","modified_gmt":"2014-06-14T19:08:52","slug":"flaumen-i-1898","status":"publish","type":"page","link":"https:\/\/www.historielaget.jostedal.no\/?page_id=2729","title":{"rendered":"Flaumen i 1898"},"content":{"rendered":"<p>Flaumen i Jostedalen 15. august 1898 var den st\u00f8rste i manns minne og n\u00e5dde kring 1 meter over den h\u00f8gste vasstanden som var kjend fr\u00e5 tidlegare. Flaumen var valda av mykje nedb\u00f8r kombinert med varmt ver som f\u00f8rte til stor sn\u00f8- og bresmelting. \u00a0Det l\u00e5g att mykje sn\u00f8 i fjellet. B\u00e5de datoen og flaum\u00e5rsaka var s\u00e5leis den same som for <a href=\"http:\/\/www.historielaget.jostedal.no\/?page_id=2720\">flaumen i 1979 <\/a>som gjekk 1,35 meter over flaummerket fr\u00e5 1898 i Foss\u00f8yane.<\/p>\n<p><strong>Skade p\u00e5 gardar og vegar<\/strong><\/p>\n<p><a href=\"http:\/\/www.historielaget.jostedal.no\/?page_id=161\"><img decoding=\"async\" class=\"alignleft  wp-image-2786\" alt=\"En Grufuld Nat\" src=\"http:\/\/www.historielaget.jostedal.no\/wordpress\/wp-content\/upLoads\/Mbl-1898-300x208.jpg\" width=\"200\" srcset=\"https:\/\/www.historielaget.jostedal.no\/wordpress\/wp-content\/upLoads\/Mbl-1898-300x208.jpg 300w, https:\/\/www.historielaget.jostedal.no\/wordpress\/wp-content\/upLoads\/Mbl-1898-150x104.jpg 150w, https:\/\/www.historielaget.jostedal.no\/wordpress\/wp-content\/upLoads\/Mbl-1898.jpg 324w\" sizes=\"(max-width: 300px) 100vw, 300px\" \/><\/a>Vatnet vert rapportert \u00e5 ha g\u00e5tt 2 alen (ca 1,3 m) over golvet i somme hus. Hardast r\u00e5ka var gardane p\u00e5 Myklemyr og i Foss\u00f8yane. Her var vasstanden p\u00e5 sitt h\u00f8gste kl 3 natt til m\u00e5ndag 15. august. Under flaumen flykta kring 60 menneske p\u00e5 Myklemyr og 40 i Foss\u00f8yane fr\u00e5 husa sine. Dei fyrste rykta som n\u00e5dde ut i Sogn, gjekk ut p\u00e5 at 200 menneske hadde drukna. Ingen menneskeliv og visstnok heller ingen husdyr gjekk tapt, men dei materielle \u00f8ydeleggingane var sv\u00e6rt store, og mange miste levebr\u00f8det sitt. Fire bruer, av dei to temmeleg nye, vart tekne av flaumen, og eit parti av den nye vegen i Hauk\u00e5sgj\u00f8let rasa ut. Elva \u00f8ydela mykje dyrkamark og avlingar og la att evje (partiklar fr\u00e5 breane) p\u00e5 jorda. 20 familiar med 120 menneske miste s\u00e5 godt som heile avlinga, og sju familiar med kring 60 menneske var meir eller mindre skadelidne. Skadane p\u00e5 avlingane vart rett etter flaumen stipulerte til kr 7400, og gardbrukarane rekna med at skadane p\u00e5 jorda kom opp i eit like h\u00f8gt bel\u00f8p.<\/p>\n<p><strong>Hjelpearbeidet<\/strong><\/p>\n<p>Jostedal kommune var fattig og lite i stand til \u00e5 hjelpe dei skadelidne, og sj\u00f8lv om dei materielle skadane var st\u00f8rre i 1979, var verknadene av 1898-flaumen meir dramatisk for bygda. Aftenpostens korrespondent sa det slik i stykket sitt om flaumen 27. august:<\/p>\n<p style=\"padding-left: 30px;\">Om man end maa v\u00e6re taknemlig over, at intet Liv er gaaet tilspilde, kan man ikke noksom beklage, at Ulykken netop har rammet Jostedalen, der er et af vore fattigste og magreste Distrikter.<\/p>\n<p>P\u00e5 vegne av bygdefolket tok <a href=\"http:\/\/lokalhistoriewiki.no\/index.php\/Theodor_Julius_B%C3%B8rresen\">sokneprest Theodor B\u00f8rresen <\/a>initiativet til ein <a href=\"http:\/\/www.historielaget.jostedal.no\/?page_id=161\">innsamlingsaksjon i hovudstadspressa<\/a>. Kommunestyret valde 1. oktober ein komite for \u00e5 fordele dei innsamla g\u00e5vene, og der sat sokneprest B\u00f8rresen, lensmann <a href=\"http:\/\/lokalhistoriewiki.no\/index.php\/Hermund_Tvedt#Litteratur_og_kjelder\">Hermund Tvedt<\/a>, sparebankkasserar <a href=\"http:\/\/lokalhistoriewiki.no\/index.php\/Nils_Hermundson_Bruheim\">Nils H. Bruheim <\/a>og to gardbrukarar fr\u00e5 dei hardast r\u00e5ka grendene: Ole J. Skj\u00e6ret og John O. Fos\u00f8en.<\/p>\n<p>Storflaumen sette fart i <a href=\"http:\/\/www.historielaget.jostedal.no\/?page_id=2762\">bygginga av dei fyrste flaumverka <\/a>i Jostedalen.<\/p>\n<p><strong>Les meir<\/strong><\/p>\n<ul>\n<li><a href=\"http:\/\/www.historielaget.jostedal.no\/?page_id=161\"><em>Morgenbladet<\/em>, 24.8. og 20.9.1898.<\/a><\/li>\n<li><a href=\"http:\/\/urn.nb.no\/URN:NBN:no-nb_digavis_aftenposten_null_null_18980827_39_625_2\"><em>Aftenposten<\/em>, 27.8.1898.<\/a><\/li>\n<li>Jostedal kommune, formannskapet, <a href=\"http:\/\/www.sffarkiv.no\/sffbasar\/default.asp?p=result&amp;db=dbdokarkivdokument&amp;ptype=single&amp;sql=LOWER%28signatur%29+LIKE+%27sffda%2D100058%25%27+ORDER+BY+signatur\">m\u00f8tebok 1876-1900<\/a>.<\/li>\n<li><em>Nordre Bergenhus Amtstings Forhandlinger for Aaret 1899<\/em>, s. 417-423.<\/li>\n<li><a href=\"http:\/\/www.fylkesarkiv.no\/kl\/detalj\/?id=10220\">Flaummerke i Jostedalen <\/a>(Fylkesarkivet)<\/li>\n<\/ul>\n","protected":false},"excerpt":{"rendered":"<p>Flaumen i Jostedalen 15. august 1898 var den st\u00f8rste i manns minne og n\u00e5dde kring 1 meter over den h\u00f8gste vasstanden som var kjend fr\u00e5 tidlegare. Flaumen var valda av mykje nedb\u00f8r kombinert med varmt ver som f\u00f8rte til stor sn\u00f8- og bresmelting. \u00a0Det l\u00e5g att mykje sn\u00f8 i fjellet. B\u00e5de datoen og flaum\u00e5rsaka var [&hellip;]<\/p>\n","protected":false},"author":2,"featured_media":0,"parent":162,"menu_order":2,"comment_status":"open","ping_status":"open","template":"","meta":{"ngg_post_thumbnail":0,"footnotes":""},"class_list":["post-2729","page","type-page","status-publish","hentry"],"_links":{"self":[{"href":"https:\/\/www.historielaget.jostedal.no\/index.php?rest_route=\/wp\/v2\/pages\/2729","targetHints":{"allow":["GET"]}}],"collection":[{"href":"https:\/\/www.historielaget.jostedal.no\/index.php?rest_route=\/wp\/v2\/pages"}],"about":[{"href":"https:\/\/www.historielaget.jostedal.no\/index.php?rest_route=\/wp\/v2\/types\/page"}],"author":[{"embeddable":true,"href":"https:\/\/www.historielaget.jostedal.no\/index.php?rest_route=\/wp\/v2\/users\/2"}],"replies":[{"embeddable":true,"href":"https:\/\/www.historielaget.jostedal.no\/index.php?rest_route=%2Fwp%2Fv2%2Fcomments&post=2729"}],"version-history":[{"count":12,"href":"https:\/\/www.historielaget.jostedal.no\/index.php?rest_route=\/wp\/v2\/pages\/2729\/revisions"}],"predecessor-version":[{"id":2939,"href":"https:\/\/www.historielaget.jostedal.no\/index.php?rest_route=\/wp\/v2\/pages\/2729\/revisions\/2939"}],"up":[{"embeddable":true,"href":"https:\/\/www.historielaget.jostedal.no\/index.php?rest_route=\/wp\/v2\/pages\/162"}],"wp:attachment":[{"href":"https:\/\/www.historielaget.jostedal.no\/index.php?rest_route=%2Fwp%2Fv2%2Fmedia&parent=2729"}],"curies":[{"name":"wp","href":"https:\/\/api.w.org\/{rel}","templated":true}]}}

<p>Flaumen i Jostedalen 15. august 1898 var den største i manns minne og nådde kring 1 meter over den høgste vasstanden som var kjend frå tidlegare. Flaumen var valda av mykje nedbør kombinert med varmt ver som førte til stor snø- og bresmelting.  Det låg att mykje snø i fjellet. Både datoen og flaumårsaka var såleis den same som for <a href="http://www.historielaget.jostedal.no/?page_id=2720">flaumen i 1979 </a>som gjekk 1,35 meter over flaummerket frå 1898 i Fossøyane.</p>
<p><strong>Skade på gardar og vegar</strong></p>
<p><a href="http://www.historielaget.jostedal.no/?page_id=161"><img decoding="async" class="alignleft  wp-image-2786" alt="En Grufuld Nat" src="http://www.historielaget.jostedal.no/wordpress/wp-content/upLoads/Mbl-1898-300x208.jpg" width="200" srcset="https://www.historielaget.jostedal.no/wordpress/wp-content/upLoads/Mbl-1898-300x208.jpg 300w, https://www.historielaget.jostedal.no/wordpress/wp-content/upLoads/Mbl-1898-150x104.jpg 150w, https://www.historielaget.jostedal.no/wordpress/wp-content/upLoads/Mbl-1898.jpg 324w" sizes="(max-width: 300px) 100vw, 300px" /></a>Vatnet vert rapportert å ha gått 2 alen (ca 1,3 m) over golvet i somme hus. Hardast råka var gardane på Myklemyr og i Fossøyane. Her var vasstanden på sitt høgste kl 3 natt til måndag 15. august. Under flaumen flykta kring 60 menneske på Myklemyr og 40 i Fossøyane frå husa sine. Dei fyrste rykta som nådde ut i Sogn, gjekk ut på at 200 menneske hadde drukna. Ingen menneskeliv og visstnok heller ingen husdyr gjekk tapt, men dei materielle øydeleggingane var svært store, og mange miste levebrødet sitt. Fire bruer, av dei to temmeleg nye, vart tekne av flaumen, og eit parti av den nye vegen i Haukåsgjølet rasa ut. Elva øydela mykje dyrkamark og avlingar og la att evje (partiklar frå breane) på jorda. 20 familiar med 120 menneske miste så godt som heile avlinga, og sju familiar med kring 60 menneske var meir eller mindre skadelidne. Skadane på avlingane vart rett etter flaumen stipulerte til kr 7400, og gardbrukarane rekna med at skadane på jorda kom opp i eit like høgt beløp.</p>
<p><strong>Hjelpearbeidet</strong></p>
<p>Jostedal kommune var fattig og lite i stand til å hjelpe dei skadelidne, og sjølv om dei materielle skadane var større i 1979, var verknadene av 1898-flaumen meir dramatisk for bygda. Aftenpostens korrespondent sa det slik i stykket sitt om flaumen 27. august:</p>
<p style="padding-left: 30px;">Om man end maa være taknemlig over, at intet Liv er gaaet tilspilde, kan man ikke noksom beklage, at Ulykken netop har rammet Jostedalen, der er et af vore fattigste og magreste Distrikter.</p>
<p>På vegne av bygdefolket tok <a href="http://lokalhistoriewiki.no/index.php/Theodor_Julius_B%C3%B8rresen">sokneprest Theodor Børresen </a>initiativet til ein <a href="http://www.historielaget.jostedal.no/?page_id=161">innsamlingsaksjon i hovudstadspressa</a>. Kommunestyret valde 1. oktober ein komite for å fordele dei innsamla gåvene, og der sat sokneprest Børresen, lensmann <a href="http://lokalhistoriewiki.no/index.php/Hermund_Tvedt#Litteratur_og_kjelder">Hermund Tvedt</a>, sparebankkasserar <a href="http://lokalhistoriewiki.no/index.php/Nils_Hermundson_Bruheim">Nils H. Bruheim </a>og to gardbrukarar frå dei hardast råka grendene: Ole J. Skjæret og John O. Fosøen.</p>
<p>Storflaumen sette fart i <a href="http://www.historielaget.jostedal.no/?page_id=2762">bygginga av dei fyrste flaumverka </a>i Jostedalen.</p>
<p><strong>Les meir</strong></p>
<ul>
<li><a href="http://www.historielaget.jostedal.no/?page_id=161"><em>Morgenbladet</em>, 24.8. og 20.9.1898.</a></li>
<li><a href="http://urn.nb.no/URN:NBN:no-nb_digavis_aftenposten_null_null_18980827_39_625_2"><em>Aftenposten</em>, 27.8.1898.</a></li>
<li>Jostedal kommune, formannskapet, <a href="http://www.sffarkiv.no/sffbasar/default.asp?p=result&amp;db=dbdokarkivdokument&amp;ptype=single&amp;sql=LOWER%28signatur%29+LIKE+%27sffda%2D100058%25%27+ORDER+BY+signatur">møtebok 1876-1900</a>.</li>
<li><em>Nordre Bergenhus Amtstings Forhandlinger for Aaret 1899</em>, s. 417-423.</li>
<li><a href="http://www.fylkesarkiv.no/kl/detalj/?id=10220">Flaummerke i Jostedalen </a>(Fylkesarkivet)</li>
</ul>

<p>Flaumen i Jostedalen 15. august 1898 var den største i manns minne og nådde kring 1 meter over den høgste vasstanden som var kjend frå tidlegare. Flaumen var valda av mykje nedbør kombinert med varmt ver som førte til stor snø- og bresmelting.  Det låg att mykje snø i fjellet. Både datoen og flaumårsaka var [&hellip;]</p>
