{"id":2831,"date":"2013-08-22T00:11:39","date_gmt":"2013-08-21T22:11:39","guid":{"rendered":"http:\/\/www.historielaget.jostedal.no\/?page_id=2831"},"modified":"2025-04-17T11:35:09","modified_gmt":"2025-04-17T09:35:09","slug":"vestsideutbygginga","status":"publish","type":"page","link":"https:\/\/www.historielaget.jostedal.no\/?page_id=2831","title":{"rendered":"Vestsideutbygginga"},"content":{"rendered":"<p>Sideelvane p\u00e5 vestsida av Jostedalen vart ikkje tekne med i <a href=\"http:\/\/www.historielaget.jostedal.no\/?page_id=2813\">Leird\u00f8lautbygginga <\/a>1974-78. Det galdt dei \u00e5tte elvane fr\u00e5 Homped\u00f8la p\u00e5 Myklemyr til Tverad\u00f8la i Krundalen.<\/p>\n<p>Fleire av desse elvane gjorde stor skade i <a href=\"http:\/\/www.historielaget.jostedal.no\/?page_id=2720\">1979-flaumen<\/a>, og det var eit krav fr\u00e5 mange i Jostedalen og fr\u00e5 Luster kommune at dei vart utbygde i samband med <a href=\"http:\/\/www.historielaget.jostedal.no\/?page_id=2810\">Jostedalsutbygginga<\/a>. Statskraftverka laga ein konsesjonss\u00f8knad for utbygginga i 1986, men den vart aldri sendt p\u00e5 grunn av d\u00e5rleg \u00f8konomi i prosjektet. D\u00e5 Jostedalsbreen nasjonalpark vart oppretta i 1991, vart grensene trekte slik at ei framtidig utbygging av elvane ville vere mogleg.<\/p>\n<p>Statkraft presenterte nye planar for utbygginga i 2006, og konsesjonss\u00f8knad vart send i 2011. Planen gjekk ut p\u00e5 \u00e5 overf\u00f8re dei \u00e5tte sideelvane i ein &laquo;takrennetunnel&raquo; til Tunsbergdalsmagasinet for utnytting i det eksisterande <a href=\"http:\/\/www.historielaget.jostedal.no\/?page_id=2813\">Leird\u00f8la kraftverk<\/a>. Samstundes s\u00f8kte Statkraft om \u00e5 f\u00e5 heve dammen med 4 meter. Statkraft var alt p\u00e5lagd ei omfattande utbetring av dammen. Utbygginga ville auke \u00e5rsproduksjonen med 135 GWh.<\/p>\n<p>Statkraft trekte konsesjonss\u00f8knaden i juli 2012 f\u00f8r NVE var ferdig med handsaminga. Den oppgjevne grunnen var d\u00e5rleg \u00f8konomi i prosjektet.<\/p>\n<p><strong>Les meir<\/strong><\/p>\n<ul>\n<li><a href=\"http:\/\/www.nve.no\/no\/allekonsesjoner\/?soknad=4352&amp;stadium=&amp;type=11\">Overf\u00f8ring av Vestsideelvane og heving av dam Tunsbergdalsvatn<\/a> (NVE) &#8211; konsesjonss\u00f8knad med alle rapportar fr\u00e5 konsekvensutgreiinga<\/li>\n<\/ul>\n","protected":false},"excerpt":{"rendered":"<p>Sideelvane p\u00e5 vestsida av Jostedalen vart ikkje tekne med i Leird\u00f8lautbygginga 1974-78. Det galdt dei \u00e5tte elvane fr\u00e5 Homped\u00f8la p\u00e5 Myklemyr til Tverad\u00f8la i Krundalen. Fleire av desse elvane gjorde stor skade i 1979-flaumen, og det var eit krav fr\u00e5 mange i Jostedalen og fr\u00e5 Luster kommune at dei vart utbygde i samband med Jostedalsutbygginga. [&hellip;]<\/p>\n","protected":false},"author":2,"featured_media":0,"parent":2795,"menu_order":5,"comment_status":"open","ping_status":"open","template":"","meta":{"ngg_post_thumbnail":0,"footnotes":""},"class_list":["post-2831","page","type-page","status-publish","hentry"],"_links":{"self":[{"href":"https:\/\/www.historielaget.jostedal.no\/index.php?rest_route=\/wp\/v2\/pages\/2831","targetHints":{"allow":["GET"]}}],"collection":[{"href":"https:\/\/www.historielaget.jostedal.no\/index.php?rest_route=\/wp\/v2\/pages"}],"about":[{"href":"https:\/\/www.historielaget.jostedal.no\/index.php?rest_route=\/wp\/v2\/types\/page"}],"author":[{"embeddable":true,"href":"https:\/\/www.historielaget.jostedal.no\/index.php?rest_route=\/wp\/v2\/users\/2"}],"replies":[{"embeddable":true,"href":"https:\/\/www.historielaget.jostedal.no\/index.php?rest_route=%2Fwp%2Fv2%2Fcomments&post=2831"}],"version-history":[{"count":4,"href":"https:\/\/www.historielaget.jostedal.no\/index.php?rest_route=\/wp\/v2\/pages\/2831\/revisions"}],"predecessor-version":[{"id":3980,"href":"https:\/\/www.historielaget.jostedal.no\/index.php?rest_route=\/wp\/v2\/pages\/2831\/revisions\/3980"}],"up":[{"embeddable":true,"href":"https:\/\/www.historielaget.jostedal.no\/index.php?rest_route=\/wp\/v2\/pages\/2795"}],"wp:attachment":[{"href":"https:\/\/www.historielaget.jostedal.no\/index.php?rest_route=%2Fwp%2Fv2%2Fmedia&parent=2831"}],"curies":[{"name":"wp","href":"https:\/\/api.w.org\/{rel}","templated":true}]}}

<p>Sideelvane på vestsida av Jostedalen vart ikkje tekne med i <a href="http://www.historielaget.jostedal.no/?page_id=2813">Leirdølautbygginga </a>1974-78. Det galdt dei åtte elvane frå Hompedøla på Myklemyr til Tveradøla i Krundalen.</p>
<p>Fleire av desse elvane gjorde stor skade i <a href="http://www.historielaget.jostedal.no/?page_id=2720">1979-flaumen</a>, og det var eit krav frå mange i Jostedalen og frå Luster kommune at dei vart utbygde i samband med <a href="http://www.historielaget.jostedal.no/?page_id=2810">Jostedalsutbygginga</a>. Statskraftverka laga ein konsesjonssøknad for utbygginga i 1986, men den vart aldri sendt på grunn av dårleg økonomi i prosjektet. Då Jostedalsbreen nasjonalpark vart oppretta i 1991, vart grensene trekte slik at ei framtidig utbygging av elvane ville vere mogleg.</p>
<p>Statkraft presenterte nye planar for utbygginga i 2006, og konsesjonssøknad vart send i 2011. Planen gjekk ut på å overføre dei åtte sideelvane i ein &laquo;takrennetunnel&raquo; til Tunsbergdalsmagasinet for utnytting i det eksisterande <a href="http://www.historielaget.jostedal.no/?page_id=2813">Leirdøla kraftverk</a>. Samstundes søkte Statkraft om å få heve dammen med 4 meter. Statkraft var alt pålagd ei omfattande utbetring av dammen. Utbygginga ville auke årsproduksjonen med 135 GWh.</p>
<p>Statkraft trekte konsesjonssøknaden i juli 2012 før NVE var ferdig med handsaminga. Den oppgjevne grunnen var dårleg økonomi i prosjektet.</p>
<p><strong>Les meir</strong></p>
<ul>
<li><a href="http://www.nve.no/no/allekonsesjoner/?soknad=4352&amp;stadium=&amp;type=11">Overføring av Vestsideelvane og heving av dam Tunsbergdalsvatn</a> (NVE) &#8211; konsesjonssøknad med alle rapportar frå konsekvensutgreiinga</li>
</ul>

<p>Sideelvane på vestsida av Jostedalen vart ikkje tekne med i Leirdølautbygginga 1974-78. Det galdt dei åtte elvane frå Hompedøla på Myklemyr til Tveradøla i Krundalen. Fleire av desse elvane gjorde stor skade i 1979-flaumen, og det var eit krav frå mange i Jostedalen og frå Luster kommune at dei vart utbygde i samband med Jostedalsutbygginga. [&hellip;]</p>
