{"id":3077,"date":"2014-10-21T14:52:16","date_gmt":"2014-10-21T12:52:16","guid":{"rendered":"http:\/\/www.historielaget.jostedal.no\/?page_id=3077"},"modified":"2014-10-21T14:52:16","modified_gmt":"2014-10-21T12:52:16","slug":"telefonsaka-i-kommunestyret-1910","status":"publish","type":"page","link":"https:\/\/www.historielaget.jostedal.no\/?page_id=3077","title":{"rendered":"Telefonsaka i kommunestyret 1910"},"content":{"rendered":"<p>Telefonanlegget i Jostedalen stod p\u00e5 ei lang liste i Telegrafvesenet over anlegg som burde byggjast. Sj\u00f8lv om anlegget ikkje var prioritert p\u00e5 budsjettet, arbeidde Telegrafvesenet med prosjektet. Ein del av dette gjekk ut p\u00e5 \u00e5 avklare kommunen sin medverknad, og det var bakgrunnen for at kommunestyret fekk opp telefonsaka p\u00e5 nytt i 1910. Det var i all hovudsak snakk om \u00e5 gjenta kommunegarantien fr\u00e5 1897. Rett etter f\u00f8rre vedtak (sommaren 1897) hadde likevel Stortinget slege fast meir standardiserte krav til kommunegarantien.<\/p>\n<p><strong>Kommunestyret 19. oktober 1910<\/strong><\/p>\n<p>3. Behandledes skrivelse fra telegrafinspekt\u00f8ren i Bergens Kreds av 24. september d. a. angaaende Kommunegaranti for de frie ydelser til rikstelefon til Jostedalen. Der fattedes saadan enstemmige beslutning:<\/p>\n<p>Jostedalen Kommune garanterer herved, at der til 4 rikstelefonstationer inden herredet for et tidsrum av mindst 5 aar og efter utl\u00f8pet av denne tid indtil videre til anderledes av statsmyndighederne bestemmes, skaffes de for samme betingede frie ydelser nemlig:<\/p>\n<p>Tilfredsstillende lokale, lys, br\u00e6nde, rengj\u00f8ring og budtjeneste samt av telegrafstyrelsen godkjendt betjening.<\/p>\n<p>Stationer foreslaaes oprettet paa: Sperl\u00f8ien, Grimo, Gjerde og Faaberg.<\/p>\n<p>Herredet garanterer likeledes fri grund og skogrydning til telefonlinjen.<\/p>\n<p><strong>Kjelde<\/strong><\/p>\n<p>M\u00f8tebok for formannskapet og kommunestyret i Jostedalen 1907-1915, s. 68a-68b.<\/p>\n","protected":false},"excerpt":{"rendered":"<p>Telefonanlegget i Jostedalen stod p\u00e5 ei lang liste i Telegrafvesenet over anlegg som burde byggjast. Sj\u00f8lv om anlegget ikkje var prioritert p\u00e5 budsjettet, arbeidde Telegrafvesenet med prosjektet. Ein del av dette gjekk ut p\u00e5 \u00e5 avklare kommunen sin medverknad, og det var bakgrunnen for at kommunestyret fekk opp telefonsaka p\u00e5 nytt i 1910. Det var [&hellip;]<\/p>\n","protected":false},"author":2,"featured_media":0,"parent":3040,"menu_order":5,"comment_status":"open","ping_status":"open","template":"","meta":{"ngg_post_thumbnail":0,"footnotes":""},"class_list":["post-3077","page","type-page","status-publish","hentry"],"_links":{"self":[{"href":"https:\/\/www.historielaget.jostedal.no\/index.php?rest_route=\/wp\/v2\/pages\/3077","targetHints":{"allow":["GET"]}}],"collection":[{"href":"https:\/\/www.historielaget.jostedal.no\/index.php?rest_route=\/wp\/v2\/pages"}],"about":[{"href":"https:\/\/www.historielaget.jostedal.no\/index.php?rest_route=\/wp\/v2\/types\/page"}],"author":[{"embeddable":true,"href":"https:\/\/www.historielaget.jostedal.no\/index.php?rest_route=\/wp\/v2\/users\/2"}],"replies":[{"embeddable":true,"href":"https:\/\/www.historielaget.jostedal.no\/index.php?rest_route=%2Fwp%2Fv2%2Fcomments&post=3077"}],"version-history":[{"count":1,"href":"https:\/\/www.historielaget.jostedal.no\/index.php?rest_route=\/wp\/v2\/pages\/3077\/revisions"}],"predecessor-version":[{"id":3078,"href":"https:\/\/www.historielaget.jostedal.no\/index.php?rest_route=\/wp\/v2\/pages\/3077\/revisions\/3078"}],"up":[{"embeddable":true,"href":"https:\/\/www.historielaget.jostedal.no\/index.php?rest_route=\/wp\/v2\/pages\/3040"}],"wp:attachment":[{"href":"https:\/\/www.historielaget.jostedal.no\/index.php?rest_route=%2Fwp%2Fv2%2Fmedia&parent=3077"}],"curies":[{"name":"wp","href":"https:\/\/api.w.org\/{rel}","templated":true}]}}