{"id":496,"date":"2009-07-19T21:28:10","date_gmt":"2009-07-19T19:28:10","guid":{"rendered":"http:\/\/www.historielaget.jostedal.no\/?page_id=496"},"modified":"2025-04-16T15:29:44","modified_gmt":"2025-04-16T13:29:44","slug":"utstillingar","status":"publish","type":"page","link":"https:\/\/www.historielaget.jostedal.no\/?page_id=496","title":{"rendered":"Utstillingar"},"content":{"rendered":"<p>Jostedal historielag har laga til fleire utstillingar i Jostedal samfunnshus under Markadshelgi i juli.<\/p>\n<p><a href=\"http:\/\/www.historielaget.jostedal.no\/?page_id=2443\"><strong>Draktutstilling p\u00e5 Breheimsenteret (1995-2011)<\/strong><\/a><br \/>\nJostedal historielag fekk i 1995 ein st\u00f8rre bunadsskatt i g\u00e5ve. Det vart laga til ei draktutstilling som gjekk inn i dei permanente utstillingane til Breheimsenteret, og den gjekk tapt d\u00e5 Breheimsenteret brann ned til grunnen i juli 2011.<\/p>\n<p><strong><a href=\"https:\/\/www.flickr.com\/photos\/146124256@N06\/albums\/72177720319782459\/\">Vegar og bruer i Jostedalen (2024)<\/a><\/strong><br \/>\nUtstillinga stod oppe under markadshelga og er tilgjengeleg p\u00e5 Flickr.<\/p>\n<p><strong><a href=\"https:\/\/www.flickr.com\/photos\/146124256@N06\/albums\/72177720305054835\/\">Flyfoto fr\u00e5 1958-1959 (2022)<\/a><\/strong><br \/>\nFjellanger Wider\u00f8e tok flyfoto av gardane i Jostedalen i 1958 eller 1959 slik dei gjorde i landet elles. Mange skaffa seg foto i stort format av sine eigne gardar og fekk dei ramma inn og hengde p\u00e5 veggen. Desse fotoa vart l\u00e5nte inn av Jostedal historielag og stilte ut under Marknadshelgi i Jostedalen 30.-31. juli 2022. Laget digitaliserte ogs\u00e5 dei 38 fotoa som vart utstilte f\u00f8r dei vart leverte tilbake til eigarane, og dei finne ein i Flickr-albumet.<\/p>\n<p><a href=\"http:\/\/www.historielaget.jostedal.no\/?page_id=498\"><strong>Sjur Hesjevoll-utstilling (2009)<\/strong><\/a><br \/>\nUnder marknadshelga i Jostedalen i juli 2009 laga historielaget til ei utstilling med kunst etter Sjur Hesjevoll. Me har laga til ei nettutstilling av dette og lagt ut ein del stoff om Sjur Hesjevoll og utstillinga &#8211; sj\u00e5 menyen til h\u00f8gre for fleire val.<\/p>\n<p><strong>Jaktutstilling (1999)<\/strong><br \/>\nUnder marknadshelga i Jostedalen i juli 1999 laga historielaget til ei stor jaktutstilling i Jostedal samfunnshus. Utstillinga stod oppe dei to dagane marknadshelga vara.<\/p>\n","protected":false},"excerpt":{"rendered":"<p>Jostedal historielag har laga til fleire utstillingar i Jostedal samfunnshus under Markadshelgi i juli. Draktutstilling p\u00e5 Breheimsenteret (1995-2011) Jostedal historielag fekk i 1995 ein st\u00f8rre bunadsskatt i g\u00e5ve. Det vart laga til ei draktutstilling som gjekk inn i dei permanente utstillingane til Breheimsenteret, og den gjekk tapt d\u00e5 Breheimsenteret brann ned til grunnen i juli [&hellip;]<\/p>\n","protected":false},"author":2,"featured_media":0,"parent":0,"menu_order":22,"comment_status":"open","ping_status":"open","template":"","meta":{"ngg_post_thumbnail":0,"footnotes":""},"class_list":["post-496","page","type-page","status-publish","hentry"],"_links":{"self":[{"href":"https:\/\/www.historielaget.jostedal.no\/index.php?rest_route=\/wp\/v2\/pages\/496","targetHints":{"allow":["GET"]}}],"collection":[{"href":"https:\/\/www.historielaget.jostedal.no\/index.php?rest_route=\/wp\/v2\/pages"}],"about":[{"href":"https:\/\/www.historielaget.jostedal.no\/index.php?rest_route=\/wp\/v2\/types\/page"}],"author":[{"embeddable":true,"href":"https:\/\/www.historielaget.jostedal.no\/index.php?rest_route=\/wp\/v2\/users\/2"}],"replies":[{"embeddable":true,"href":"https:\/\/www.historielaget.jostedal.no\/index.php?rest_route=%2Fwp%2Fv2%2Fcomments&post=496"}],"version-history":[{"count":11,"href":"https:\/\/www.historielaget.jostedal.no\/index.php?rest_route=\/wp\/v2\/pages\/496\/revisions"}],"predecessor-version":[{"id":3924,"href":"https:\/\/www.historielaget.jostedal.no\/index.php?rest_route=\/wp\/v2\/pages\/496\/revisions\/3924"}],"wp:attachment":[{"href":"https:\/\/www.historielaget.jostedal.no\/index.php?rest_route=%2Fwp%2Fv2%2Fmedia&parent=496"}],"curies":[{"name":"wp","href":"https:\/\/api.w.org\/{rel}","templated":true}]}}