{"id":498,"date":"2009-07-19T21:39:17","date_gmt":"2009-07-19T19:39:17","guid":{"rendered":"http:\/\/www.historielaget.jostedal.no\/?page_id=498"},"modified":"2025-04-19T16:31:19","modified_gmt":"2025-04-19T14:31:19","slug":"sjur-hesjevoll-utstilling","status":"publish","type":"page","link":"https:\/\/www.historielaget.jostedal.no\/?page_id=498","title":{"rendered":"Sjur Hesjevoll-utstilling"},"content":{"rendered":"<div id=\"attachment_4001\" style=\"width: 226px\" class=\"wp-caption alignleft\"><a href=\"https:\/\/www.historielaget.jostedal.no\/wordpress\/wp-content\/upLoads\/nr24-kutta-og-lite.jpg\"><img loading=\"lazy\" decoding=\"async\" aria-describedby=\"caption-attachment-4001\" class=\" wp-image-4001\" src=\"https:\/\/www.historielaget.jostedal.no\/wordpress\/wp-content\/upLoads\/nr24-kutta-og-lite-300x208.jpg\" alt=\"\" width=\"216\" height=\"150\" srcset=\"https:\/\/www.historielaget.jostedal.no\/wordpress\/wp-content\/upLoads\/nr24-kutta-og-lite-300x208.jpg 300w, https:\/\/www.historielaget.jostedal.no\/wordpress\/wp-content\/upLoads\/nr24-kutta-og-lite-150x104.jpg 150w, https:\/\/www.historielaget.jostedal.no\/wordpress\/wp-content\/upLoads\/nr24-kutta-og-lite.jpg 640w\" sizes=\"auto, (max-width: 216px) 100vw, 216px\" \/><\/a><p id=\"caption-attachment-4001\" class=\"wp-caption-text\">Nr 24. Sjur Hesjevoll: Nigardsbreen, 1969<\/p><\/div>\n<p><a href=\"http:\/\/www.historielaget.jostedal.no\/?page_id=2013\">Nettutstilling: M\u00e5leri<\/a><br><a href=\"http:\/\/www.historielaget.jostedal.no\/?page_id=2019\">Nettutstilling: Dekorerte trearbeid<\/a><\/p>\n<p>Under marknadshelga i Jostedalen 18.-19. juli 2009 laga Jostedal historielag til ei utstilling av biletkunst og trearbeid av Sjur O. Hesjevoll. 52 m\u00e5leri og 34 dekorerte gjenstandar av tre vart stilte ut i salen i samfunnshuset. Utstillinga var komen til etter initiativ fr\u00e5 Magne Hesjevoll. Lidvin Hesjevoll har vore sentral i \u00e5 f\u00e5 utstillinga i stand, og H\u00e5kon Hesjevoll stod for utforminga av utstillinga med hjelp fr\u00e5 styremedlemer i historielaget.<\/p>\n<p>Under opninga tala K\u00e5re \u00d8vregard medan H\u00e5kon H\u00f8gemo framf\u00f8rte fem sl\u00e5ttar p\u00e5 hardingfele og H\u00e5kon Hesjevoll orienterte om utstillinga. Kring 80 hadde m\u00f8tt fram til opninga.<\/p>\n<p>Det var lagt ut ein protokoll som dei som vitja utstillinga vart bedne om \u00e5 skrive seg inn i. Utstillinga var open i totalt 13 timar over to dagar, og p\u00e5 denne tida skreiv i alt 419 personar seg inn i protokollen.<\/p>\n<p>Alle dei utstilte kunstverka er i privat eige, dei fleste i Jostedalen og nokre f\u00e5 hj\u00e5 utflytte josted\u00f8ler. I samband med utstillinga vart alle dei utstilte kunstverka dokumenterte og fotograferte, og historielaget vil arbeide med \u00e5 gjere dette tilfanget tilgjengeleg for ettertida.<\/p>\n<p><strong>Les meir<\/strong><\/p>\n<p><a href=\"http:\/\/www.historielaget.jostedal.no\/?page_id=500\">Omtale av Sjur O. Hesjevoll<\/a><br><a href=\"http:\/\/www.historielaget.jostedal.no\/?p=473\">Sjur Hesjevoll-utstillinga opna i dag<\/a> (melding 18.7.2009 med foto)<br><a href=\"http:\/\/www.historielaget.jostedal.no\/?p=505\">Hesjevoll-utstillinga avslutta<\/a> (melding 19.7.2009 med foto)<\/p>\n\n\n<p><\/p>\n","protected":false},"excerpt":{"rendered":"<p>Nettutstilling: M\u00e5leriNettutstilling: Dekorerte trearbeid Under marknadshelga i Jostedalen 18.-19. juli 2009 laga Jostedal historielag til ei utstilling av biletkunst og trearbeid av Sjur O. Hesjevoll. 52 m\u00e5leri og 34 dekorerte gjenstandar av tre vart stilte ut i salen i samfunnshuset. Utstillinga var komen til etter initiativ fr\u00e5 Magne Hesjevoll. Lidvin Hesjevoll har vore sentral i [&hellip;]<\/p>\n","protected":false},"author":2,"featured_media":0,"parent":496,"menu_order":2,"comment_status":"open","ping_status":"open","template":"","meta":{"ngg_post_thumbnail":0,"footnotes":""},"class_list":["post-498","page","type-page","status-publish","hentry"],"_links":{"self":[{"href":"https:\/\/www.historielaget.jostedal.no\/index.php?rest_route=\/wp\/v2\/pages\/498","targetHints":{"allow":["GET"]}}],"collection":[{"href":"https:\/\/www.historielaget.jostedal.no\/index.php?rest_route=\/wp\/v2\/pages"}],"about":[{"href":"https:\/\/www.historielaget.jostedal.no\/index.php?rest_route=\/wp\/v2\/types\/page"}],"author":[{"embeddable":true,"href":"https:\/\/www.historielaget.jostedal.no\/index.php?rest_route=\/wp\/v2\/users\/2"}],"replies":[{"embeddable":true,"href":"https:\/\/www.historielaget.jostedal.no\/index.php?rest_route=%2Fwp%2Fv2%2Fcomments&post=498"}],"version-history":[{"count":12,"href":"https:\/\/www.historielaget.jostedal.no\/index.php?rest_route=\/wp\/v2\/pages\/498\/revisions"}],"predecessor-version":[{"id":4003,"href":"https:\/\/www.historielaget.jostedal.no\/index.php?rest_route=\/wp\/v2\/pages\/498\/revisions\/4003"}],"up":[{"embeddable":true,"href":"https:\/\/www.historielaget.jostedal.no\/index.php?rest_route=\/wp\/v2\/pages\/496"}],"wp:attachment":[{"href":"https:\/\/www.historielaget.jostedal.no\/index.php?rest_route=%2Fwp%2Fv2%2Fmedia&parent=498"}],"curies":[{"name":"wp","href":"https:\/\/api.w.org\/{rel}","templated":true}]}}