{"id":513,"date":"2009-07-20T09:23:31","date_gmt":"2009-07-20T07:23:31","guid":{"rendered":"http:\/\/www.historielaget.jostedal.no\/?page_id=513"},"modified":"2025-04-15T09:50:16","modified_gmt":"2025-04-15T07:50:16","slug":"henrik-wergelands-prestes%c3%b8knad-1834","status":"publish","type":"page","link":"https:\/\/www.historielaget.jostedal.no\/?page_id=513","title":{"rendered":"Henrik Wergelands prestes\u00f8knad (1834)"},"content":{"rendered":"<p><a href=\"https:\/\/www.historielaget.jostedal.no\/wordpress\/wp-content\/upLoads\/Wergeland-bilete.jpg\"><img loading=\"lazy\" decoding=\"async\" class=\"alignleft  wp-image-3843\" src=\"https:\/\/www.historielaget.jostedal.no\/wordpress\/wp-content\/upLoads\/Wergeland-bilete-300x355.jpg\" alt=\"\" width=\"152\" height=\"180\" srcset=\"https:\/\/www.historielaget.jostedal.no\/wordpress\/wp-content\/upLoads\/Wergeland-bilete-300x355.jpg 300w, https:\/\/www.historielaget.jostedal.no\/wordpress\/wp-content\/upLoads\/Wergeland-bilete-150x177.jpg 150w, https:\/\/www.historielaget.jostedal.no\/wordpress\/wp-content\/upLoads\/Wergeland-bilete-768x908.jpg 768w, https:\/\/www.historielaget.jostedal.no\/wordpress\/wp-content\/upLoads\/Wergeland-bilete.jpg 800w\" sizes=\"auto, (max-width: 152px) 100vw, 152px\" \/><\/a><\/p>\n<p style=\"text-align: right;\">Eidsvoll 22de August 1834<\/p>\n<p>Til Kongen.<\/p>\n<p>Idet Undertegnede fortrinsviis henholder sig underdanigst til forhen, idet N\u00e6soddens nu anderledes besatte Kald ans\u00f8gtes, indleverte Ans\u00f8gning, som nu underdanigst gjentages, om den fremdeles vacante Post som Katechet og f\u00f8rste L\u00e6rer ved Borgerskolen i T\u00f8nsberg: ans\u00f8ges herved underdanigst, saafremt det ikke maatte behage Deres Majest\u00e6t naadigst at indvilge mig denne, subsidi\u00e6rt om at maatte naadigst vorde anbetroet enten Liers residerende Capellani i Agershuus Stift, eller, i Mangel heraf, enten Borgens residerende Capellani eller Justedalens Sognekald i Bergens Stift. Imellem de geistlige Embeder ere disse de ringeste, som for Tiden ere ledige; og bem\u00e6rkes, at nuv\u00e6rende underdanigste Ans\u00f8gning skeer subsidi\u00e6rt og efter den Orden hvori Embederne ere n\u00e6vnte.<\/p>\n<p>Kun de f\u00f8rste, og s\u00e6rligen det allerf\u00f8rste af disse Emb\u00e6der, tilbyde saa tilstr\u00e6kkeligt Viksomhedsomraade, som jeg troer at kunne udfylde. Og det er mere derfor, forat kunne gj\u00f8re bedre Fyldest for mig i Tilf\u00e6lde af naadigst Anbetroelse, end for de bedre Livskaar, de tilbyde, at jeg underdanigst ans\u00f8ger dem med noget Fortrin. Men maa jeg end deri vige for V\u00e6rdigere eller for Medans\u00f8gende, som staae Deres Majest\u00e6ts Naade n\u00e6rmere, vil dog Indvilgelsen af det mindste og det mine \u00d8nsker n\u00e6vne sidst betragtes af mig som en Naade, som jeg alene kan vederl\u00e6gge ved at for\u00f8ge Intensiteten af pligtm\u00e6ssig Virksomhed inden en Kreds, som ikke tilsteder den nogen synderlig Udstr\u00e6kning. Jeg har troet, at skylde For\u00e6ldres Opoffrelser forat danne mig til Geistlig, hvortil min Fader har lagt praktisk Veiledning i nu paa de n\u00e6rmeste halvsjette Aar, at ans\u00f8ge selv det allerubetydeligste geistlige Embede, f\u00f8r jeg, opgivende Haabet om at disse og \u00f8vrige Opoffrelser og Adkomster ville vorde frugtbringende, under nye Opoffrelser af Formue og Tid begynder forfra igjen paa et nyt Studium, hvoraf jeg med st\u00f8rre Sikkerhed kan vente, at det omsider skj\u00e6nker mig Br\u00f8d, selvst\u00e6ndig Stilling og en Virksomhed, afpasset efter mine Kr\u00e6fter, skj\u00f8ndt mere fremmed for min Tilb\u00f8jelighed \u2013 den der tidligen bestemte mig for det Geistlige.<\/p>\n<p>[&#8230; 2 boksider utelatne]<\/p>\n<p>Underdanigst<br \/>\nHenrik Arnold Wergeland,<br \/>\nCandidatus theologi\u00e6.<\/p>\n<p>&nbsp;<\/p>\n<p><strong>S\u00f8knad 1840 der jostedalstilsetjinga er kommentert<\/strong><\/p>\n<p style=\"text-align: right;\">Kristiania 9de Marz 1840.<\/p>\n<p style=\"text-align: left;\">Til Kongen<\/p>\n<p style=\"text-align: left;\">Da det behage Deres Majest\u00e6t at skj\u00e6nke Undertegnedes Foretagender til Almueoplysningens Fremme Deres naadige Opm\u00e6rksomhed, og at for\u00f8ge Naaden af Deres \u00e6delmodige Underst\u00f8ttelse til at forts\u00e6tte denne Virksomhed med Haabet om at ans\u00e6ttes i det geistlige Fag, hvortil jeg har uddannet mig, vilde jeg ikke handle i Aanden af en saadan, ved Deres Majest\u00e6ts s\u00e6regne Naade endnu mere til Pligt blevne, Virksomhed, hvis jeg ikke indsaae de Fordele for denne, som det nu ledige R\u00f8gen Sognekald i Agershuus Stift tilbyder.<\/p>\n<p>[&#8230;]<\/p>\n<p>Nei, Uheldene under en foregaaende Departementchefs Indstillinger til min Tilsides\u00e6ttelse, saasom til Justedalens Kald i 1834, til Hofs, Rollaugs, Legangers, Ved\u00f8ens og Borgunds Kapellanier i 1835, have ikke tilintetgjort F\u00f8lelsen af ogsaa et naturligt Kald til i geistlig Ans\u00e6ttelse ret at gavne mit Land og min Konge, Menneskehed og Kirke.<\/p>\n<p>[&#8230;]<\/p>\n<p>Underdanigst<br \/>\nHenrik Arnold Wergeland,<br \/>\nKandidat i Theologien.<\/p>\n<p><strong>Kjelde<\/strong><\/p>\n<div>Wergeland, Henrik. (1930). <em>Samlede skrifter. Trykt og utrykt.<\/em> (Bd. 5, del 1). Kristiania: Steen, side 175-178 og\u00a0256-259. [<a href=\"https:\/\/urn.nb.no\/URN:NBN:no-nb_digibok_2007073104014\">Digital utg\u00e5ve, Nasjonalbiblioteket<\/a>]<\/div>\n<div><\/div>\n<div><strong>Merknad<\/strong><\/div>\n<p>Dette er s\u00f8knaden der Wergeland pr\u00f8vde \u00e5 bli prest i Jostedalen, som var mellom &laquo;de ringeste&raquo; prestekalla i landet. Han f\u00f8rte opp det ledige prestekallet i Jostedalen som det fjerde og siste ynsket om han ikkje skulle f\u00e5 embetet som fyrstel\u00e6rar p\u00e5 borgarskulen i T\u00f8nsberg.<\/p>\n<p>Embetet i Jostedalen gjekk 27.11.1834 til <a href=\"https:\/\/lokalhistoriewiki.no\/wiki\/Kjeld_Andreas_Bugge\">Kjeld Andreas Bugge<\/a>, ikkje til Wergeland. Av den nye s\u00f8knaden hans fr\u00e5 1840 om prestekallet i R\u00f8yken (Akershus) g\u00e5r det fram at han meinte departementssjefen sette han til side som s\u00f8kjar til Jostedalen i 1834. Han nemner her berre Jostedalen av prestekalla han s\u00f8kte i 1834, noko som tyder p\u00e5 at dette var det einaste prestekallet han vart vurdert for. Her gjekk alts\u00e5 Jostedalen glipp av \u00e5 f\u00e5 ein av Noregs st\u00f8rste diktarar som prest!<\/p>\n<p>Denne episoden var truleg opphavet til at Jostedalen <a href=\"http:\/\/www.historielaget.jostedal.no\/?page_id=519\">kom inn i romanen Amtmandens D\u00f8ttre <\/a>(1855) av veslesystera Camilla Collett.<\/p>\n","protected":false},"excerpt":{"rendered":"<p>Eidsvoll 22de August 1834 Til Kongen. Idet Undertegnede fortrinsviis henholder sig underdanigst til forhen, idet N\u00e6soddens nu anderledes besatte Kald ans\u00f8gtes, indleverte Ans\u00f8gning, som nu underdanigst gjentages, om den fremdeles vacante Post som Katechet og f\u00f8rste L\u00e6rer ved Borgerskolen i T\u00f8nsberg: ans\u00f8ges herved underdanigst, saafremt det ikke maatte behage Deres Majest\u00e6t naadigst at indvilge mig [&hellip;]<\/p>\n","protected":false},"author":2,"featured_media":0,"parent":1299,"menu_order":9,"comment_status":"open","ping_status":"open","template":"","meta":{"ngg_post_thumbnail":0,"footnotes":""},"class_list":["post-513","page","type-page","status-publish","hentry"],"_links":{"self":[{"href":"https:\/\/www.historielaget.jostedal.no\/index.php?rest_route=\/wp\/v2\/pages\/513","targetHints":{"allow":["GET"]}}],"collection":[{"href":"https:\/\/www.historielaget.jostedal.no\/index.php?rest_route=\/wp\/v2\/pages"}],"about":[{"href":"https:\/\/www.historielaget.jostedal.no\/index.php?rest_route=\/wp\/v2\/types\/page"}],"author":[{"embeddable":true,"href":"https:\/\/www.historielaget.jostedal.no\/index.php?rest_route=\/wp\/v2\/users\/2"}],"replies":[{"embeddable":true,"href":"https:\/\/www.historielaget.jostedal.no\/index.php?rest_route=%2Fwp%2Fv2%2Fcomments&post=513"}],"version-history":[{"count":11,"href":"https:\/\/www.historielaget.jostedal.no\/index.php?rest_route=\/wp\/v2\/pages\/513\/revisions"}],"predecessor-version":[{"id":3844,"href":"https:\/\/www.historielaget.jostedal.no\/index.php?rest_route=\/wp\/v2\/pages\/513\/revisions\/3844"}],"up":[{"embeddable":true,"href":"https:\/\/www.historielaget.jostedal.no\/index.php?rest_route=\/wp\/v2\/pages\/1299"}],"wp:attachment":[{"href":"https:\/\/www.historielaget.jostedal.no\/index.php?rest_route=%2Fwp%2Fv2%2Fmedia&parent=513"}],"curies":[{"name":"wp","href":"https:\/\/api.w.org\/{rel}","templated":true}]}}