{"id":691,"date":"2009-12-14T09:58:53","date_gmt":"2009-12-14T07:58:53","guid":{"rendered":"http:\/\/www.historielaget.jostedal.no\/?page_id=691"},"modified":"2025-04-14T22:48:23","modified_gmt":"2025-04-14T20:48:23","slug":"b%c3%b8neskriv-fra-allmugen-1655","status":"publish","type":"page","link":"https:\/\/www.historielaget.jostedal.no\/?page_id=691","title":{"rendered":"B\u00f8neskriv fr\u00e5 allmugen (1655\/1656)"},"content":{"rendered":"<p><a href=\"http:\/\/www.historielaget.jostedal.no\/1655-dokument.pdf\">Original &#8211; diplom 29. mai 1655 med p\u00e5skrift 23. januar 1656 <\/a>(2 Mb. Foto: UBB, Spesialsamlingene).<\/p>\n<p><a href=\"http:\/\/www.historielaget.jostedal.no\/1655-avskrift.pdf\">Avskrift 1655-dokument <\/a>(14.1.2010)<\/p>\n<p><span lang=\"NO-NYN\" style=\"line-height: 150%; font-family: Verdana; font-size: 10pt;\"><a href=\"http:\/\/www.historielaget.jostedal.no\/wordpress\/wp-content\/upLoads\/1655-1.jpg\"><img decoding=\"async\" class=\"alignleft size-thumbnail wp-image-995\" title=\"1655-1\" src=\"http:\/\/www.historielaget.jostedal.no\/wordpress\/wp-content\/upLoads\/1655-1-150x226.jpg\" alt=\"1655-1\" width=\"180\" srcset=\"https:\/\/www.historielaget.jostedal.no\/wordpress\/wp-content\/upLoads\/1655-1-150x226.jpg 150w, https:\/\/www.historielaget.jostedal.no\/wordpress\/wp-content\/upLoads\/1655-1-300x453.jpg 300w, https:\/\/www.historielaget.jostedal.no\/wordpress\/wp-content\/upLoads\/1655-1-677x1024.jpg 677w, https:\/\/www.historielaget.jostedal.no\/wordpress\/wp-content\/upLoads\/1655-1.jpg 1309w\" sizes=\"(max-width: 150px) 100vw, 150px\" \/><\/a> <a href=\"http:\/\/www.historielaget.jostedal.no\/wordpress\/wp-content\/upLoads\/1655-2.jpg\"><img decoding=\"async\" class=\"alignnone size-thumbnail wp-image-996\" title=\"1655-2\" src=\"http:\/\/www.historielaget.jostedal.no\/wordpress\/wp-content\/upLoads\/1655-2-150x229.jpg\" alt=\"1655-2\" width=\"180\" srcset=\"https:\/\/www.historielaget.jostedal.no\/wordpress\/wp-content\/upLoads\/1655-2-150x229.jpg 150w, https:\/\/www.historielaget.jostedal.no\/wordpress\/wp-content\/upLoads\/1655-2-300x458.jpg 300w, https:\/\/www.historielaget.jostedal.no\/wordpress\/wp-content\/upLoads\/1655-2-669x1024.jpg 669w, https:\/\/www.historielaget.jostedal.no\/wordpress\/wp-content\/upLoads\/1655-2.jpg 1712w\" sizes=\"(max-width: 150px) 100vw, 150px\" \/><\/a><\/span><\/p>\n<p><span lang=\"NO-NYN\" style=\"line-height: 150%; font-family: Verdana; font-size: 10pt;\"><strong>Avskrift<\/strong><\/span><\/p>\n<p>Gunstige Velbyrdige <em style=\"mso-bidi-font-style: normal;\">[H\u00f8yvelbaar]<\/em>ne och Kiere \u00d8ffrighed <em style=\"mso-bidi-font-style: normal;\">[Gud Eders] <\/em>Velbyrdighed Lenge och <em style=\"mso-bidi-font-style: normal;\">[naadelig beskierme och] <\/em>bevare Amen. Vij fattige och Ellendige <em style=\"mso-bidi-font-style: normal;\">[Fieldb\u00f8nder] <\/em>I Indre Sogns Fogderi i B<em style=\"mso-bidi-font-style: normal;\">[ergens Stift beboende IIIde] <\/em>Store Viide Mille ifra <em style=\"mso-bidi-font-style: normal;\">[S\u00f8en, som] <\/em>med Liffs Fare Skall Faris <em style=\"mso-bidi-font-style: normal;\">[allene hen] <\/em>ved thredue Mend paa fem <em style=\"mso-bidi-font-style: normal;\">[och tyve Gaar]<\/em>des(?), for aarsages ved <em style=\"mso-bidi-font-style: normal;\">[ydmyg] <\/em>Suplication att andrage om <em style=\"mso-bidi-font-style: normal;\">[vor store N\u00f8d] <\/em>och Elendighed I denne affdal <em style=\"mso-bidi-font-style: normal;\">[formedelst saadan] <\/em>besuerligheds h\u00f8y anligende F\u00f8rst Vinterens Store thu<em style=\"mso-bidi-font-style: normal;\">[nge ock Snee] <\/em>her Oppe thill Fields huos <em style=\"mso-bidi-font-style: normal;\">[os hvor Ageren] <\/em>thit och Offte, aff Frost och <em style=\"mso-bidi-font-style: normal;\">[Snee ford\u00e6rves til vor, vi] <\/em>Fattige folkes St\u00f8rste E<em style=\"mso-bidi-font-style: normal;\">[llendighed udredende dog] <\/em>Och aarlig Skater Lig <em style=\"mso-bidi-font-style: normal;\">[med andre] <\/em>Undersaattere, ved <em style=\"mso-bidi-font-style: normal;\">[s\u00f8en]<\/em> och goed Korntid(?) Boendes.(?) Det vj arme Folk Iche lenge <em style=\"mso-bidi-font-style: normal;\">[kand]<\/em> vdstaa vden Naadige Forskonsell.<\/p>\n<p><span lang=\"NO-NYN\" style=\"line-height: 150%; font-family: Verdana; font-size: 10pt;\">Formedelst Saadan Voris thunge Ellendighed kand vj Fattige Folk Iche L\u00f8nne eller vnderholde voris Sieles\u00f8rgere, till N\u00f8dt\u00f8rtig dog meget Arm Vnderholdning. Som hidintill haffuer veret aarligen att Beregne paa Nj th\u00f8nder Korn I Visse Rettighed. Derfore och Effter som den <em style=\"mso-bidi-font-style: normal;\">[h\u00e6]<\/em>derlige Mand <a href=\"http:\/\/www.lokalhistoriewiki.no\/index.php\/T%C3%B8ger_Jensson\">Her Th\u00f8ger Jenssen <\/a>Voris Sieles\u00f8rgere. Som Voris goede Christelige \u00d8ffrighed Os haffuer forskaffed <em style=\"mso-bidi-font-style: normal;\">[som]<\/em> Os Nu paa det Fierde Aars thids Christeligen och thilb\u00f8rligen med ald Flid med Guds thieniste haffuer forestaaed Inden och vden Kiercken udi Lerdom och Leffnet, Med de hellige Sacramenters Uddielelse huorfor Vi Gud den h\u00f8yeste Och voris Christelige \u00d8ffrighed paa det ydmygligste haffuer att ta<em style=\"mso-bidi-font-style: normal;\">[kke] [Derfor ere vi fattige F]<\/em>ieldb\u00f8nder storligen Befr\u00f8ctendes <em style=\"mso-bidi-font-style: normal;\">[at vor kiere siel]<\/em>es\u00f8rgere aff N\u00f8d och thrang Iche kand <em style=\"mso-bidi-font-style: normal;\">[lenger betien]<\/em>e Os paa dette Sted. Med sit Embe<em style=\"mso-bidi-font-style: normal;\">[de] <\/em>Efterdj hand sig Iche kand Opholde thill <em style=\"mso-bidi-font-style: normal;\">[ful]<\/em>de Foruden Hungers N\u00f8d och Armod Och <em style=\"mso-bidi-font-style: normal;\">[mod sin V]<\/em>ilie maa Foraarsages Os att forlade <em style=\"mso-bidi-font-style: normal;\">[om ikke vor] <\/em>fromme Christelige \u00d8ffrighed, herudj for <em style=\"mso-bidi-font-style: normal;\">[vor, vi f]<\/em>attige folckes Salligheds Forfremmelse <em style=\"mso-bidi-font-style: normal;\">[i Naade]<\/em>lighed Mildelig Vilde ansee: Efter Kongel<em style=\"mso-bidi-font-style: normal;\">[ig aller naadigste] <\/em>For Ordning och Ordinantze, Och <em style=\"mso-bidi-font-style: normal;\">[paa] <\/em>Guds Veigne Saaledes beskiele och for<em style=\"mso-bidi-font-style: normal;\">[see at vi ikke s]<\/em>kulle Miste en Christelig Sieles\u00f8rgere <em style=\"mso-bidi-font-style: normal;\">[men] <\/em>paa Voris Salligheds Veigne: Formedelst <em style=\"mso-bidi-font-style: normal;\">[B]<\/em>r\u00f8ds Ophold att Maatte Med Bes\u00f8r<em style=\"mso-bidi-font-style: normal;\">[ges som dette] <\/em>Eders Fromhed gott Siunes enten I <em style=\"mso-bidi-font-style: normal;\">[Korn eller an]<\/em>de. Dett vi Vnderdaningste thill Eders goed<em style=\"mso-bidi-font-style: normal;\">[e] [Consens vil haff]<\/em>ue Indstillet: Her om Eders Svar och <em style=\"mso-bidi-font-style: normal;\">[Resolution vi] <\/em>er Formodendes: Dett Gud aller<em style=\"mso-bidi-font-style: normal;\">[m\u00e6gtigst i na]<\/em>adighed Rigeligen ville Bel\u00f8nne.<br \/>\n<\/span><span lang=\"NO-NYN\" style=\"line-height: 150%; font-family: Verdana; font-size: 10pt;\">Denne Voris ydmyge <em style=\"mso-bidi-font-style: normal;\">[Suplican]<\/em>tz paa Meninge Almues Och Voris Egen Veigne i J\u00f8stedalen haffuer Vj Effter skreffne: <a href=\"http:\/\/www.lokalhistoriewiki.no\/index.php\/Torstein_Espe\">Thorsten Andersen <\/a>Bunde Lensmand Sammestedtz <a href=\"http:\/\/www.lokalhistoriewiki.no\/index.php\/Sjur_Paulson_Kruna\">Siurt Crone<\/a>. <a href=\"http:\/\/www.lokalhistoriewiki.no\/index.php\/Anders_Grov\">Anders Groff<\/a> <a href=\"http:\/\/www.lokalhistoriewiki.no\/index.php\/Ole_Arneson_%C3%85sen\">Olle Aasen<\/a> Laurits Backen och Knudt Snetun Lauretesmend her Sammestedtz Med Voris Sedvanlige Zigneter her Neder Vnderthr\u00f8cht:<br \/>\n<\/span><span lang=\"NO-NYN\" style=\"line-height: 150%; font-family: Verdana; font-size: 10pt;\">Dateret J\u00f8sterdallen den 29 May 1655<\/span><\/p>\n<p class=\"MsoNormal\" style=\"line-height: 150%; margin: 0pt;\"><span lang=\"NO-NYN\" style=\"line-height: 150%; font-family: Verdana; font-size: 10pt;\"><em>[P\u00e5skrift] <\/em><\/span><\/p>\n<p class=\"MsoNormal\" style=\"line-height: 150%; margin: 0pt;\"><span lang=\"NO-NYN\" style=\"line-height: 150%; font-family: Verdana; font-size: 10pt;\">Paa min Aller naadigste Herres och Konges veigne och Naadigste behaug, Vil ieg for den dannemand, <a href=\"http:\/\/www.lokalhistoriewiki.no\/index.php\/T%C3%B8ger_Jensson\">Herr T\u00f8ger Jenssens <\/a>trang och n\u00f8ed hand lider ved det lille Kald hand haffuer, bevilge, att Stigt skriffueren maa for unde Hannem Aarligen aff de formuesombste Kircher i Yttre Sogen, Thi Th\u00f8nder Korne, och vil for mode at Pr\u00e6sterne <em style=\"mso-bidi-font-style: normal;\">[udi Yttre Sogn som]<\/em> de goede Prestegield haffue, hannem och som en in Christo <em style=\"mso-bidi-font-style: normal;\">[Hielp och Biestand(?)]<\/em> vilde give, Actum Bergenhuus den 23 January 1656<\/span><\/p>\n<p class=\"MsoNormal\" style=\"line-height: 150%; margin: 0pt;\"><span lang=\"NO-NYN\" style=\"font-family: Verdana; font-size: 10pt; mso-fareast-font-family: 'Times New Roman'; mso-ansi-language: NO-NYN; mso-bidi-font-family: 'Times New Roman'; mso-fareast-language: NO-BOK; mso-bidi-language: AR-SA;\">Offue Bielcke<\/span><\/p>\n<p class=\"MsoNormal\" style=\"line-height: 150%; margin: 0pt;\"><span lang=\"NO-NYN\" style=\"font-family: Verdana; font-size: 10pt; mso-fareast-font-family: 'Times New Roman'; mso-ansi-language: NO-NYN; mso-bidi-font-family: 'Times New Roman'; mso-fareast-language: NO-BOK; mso-bidi-language: AR-SA;\">&#8212;&#8212;&#8212;&#8212;&#8212;&#8212;&#8212;&#8212;&#8212;&#8212;-<\/span><\/p>\n<p><strong>Kjelde<\/strong><\/p>\n<p>Dokumentet ligg i Diplomsamlinga, Universitetsbiblioteket i Bergen (signatur UBB-1655-05-29). Det er med\u00a0<a href=\"http:\/\/www.historielaget.jostedal.no\/?page_id=696\">i 1823-avskrifta som dokument No. 3<\/a>. Det har sju lakksegl. <span lang=\"NO-NYN\" style=\"font-family: Verdana; font-size: 10pt; mso-fareast-font-family: 'Times New Roman'; mso-ansi-language: NO-NYN; mso-bidi-font-family: 'Times New Roman'; mso-fareast-language: NO-BOK; mso-bidi-language: AR-SA; mso-bidi-font-weight: bold;\">Det manglar ein stor og ein liten bit som gjer at ein del av teksten p\u00e5 b\u00e5e sider er borte.<\/span><\/p>\n<p><span lang=\"NO-NYN\" style=\"font-family: Verdana; font-size: 10pt; mso-fareast-font-family: 'Times New Roman'; mso-ansi-language: NO-NYN; mso-bidi-font-family: 'Times New Roman'; mso-fareast-language: NO-BOK; mso-bidi-language: AR-SA; mso-bidi-font-weight: bold;\">Grunnen til at dokumentet ligg i Bergen, er truleg at det var mellom dei dokumenta biskop Jacob Neumann <a href=\"http:\/\/www.historielaget.jostedal.no\/?page_id=696\">tok med seg <\/a>fr\u00e5 Jostedal prestegard sommaren 1823.<\/span><\/p>\n<p><strong>Merknad<\/strong><\/p>\n<p>Avskrifta ovanfor er gjort etter originaldokumentet. Niels Dahl pr\u00f8vde seg i 1823-avskrifta p\u00e5 \u00e5 rekonstruere teksten som er borte. I avskrifta\u00a0 ovanfor er desse orda og orddelane tekne med, men sette i <em>[kursiv og klammer]<\/em>. Somme av framlegga til Dahl er temmeleg usikre. Sj\u00e5 <a href=\"http:\/\/www.historielaget.jostedal.no\/1655-avskrift.pdf\">pdf-versjonen av avskrifta <\/a>for eit oppsett som tydelegare markerer dei delane som er rekonstruerte.<\/p>\n<p>Dokumentet er eit b\u00f8neskriv\u00a0signert 29. mai 1655 av bondelensmannen og fem lagrettemenn p\u00e5 vegne av allmugen i Jostedalen. Dei bed \u00f8vrigheita om tilskot til l\u00f8n til jostedalspresten T\u00f8ger Jensen fordi bygdefolket sj\u00f8lv ikkje kan underhalde han grunna dei elendige og fattige vilk\u00e5ra i bygda. Dette er truleg det eldste eksisterande dokumentet der josted\u00f8ler sj\u00f8lve gjev ei skildring av tilh\u00f8va i bygda med frost, sn\u00f8, misvekst, hunger og armod.<\/p>\n<p>B\u00f8na fr\u00e5 josted\u00f8lene n\u00e5dde fram, noko ein ser av p\u00e5skrifta datert Bergenhus, <strong>23. januar 1656<\/strong>. P\u00e5skrifta har den eigenhendige underskrifta til lensherre Ove Bjelke, og han tillet der at T\u00f8ger Jensen f\u00e5r 10 t\u00f8nner korn av dei mest formuande kyrkjene i Ytre-Sogn.<\/p>\n<p>Meir om Ove Bjelke (1611-1674)\u00a0i <a href=\"http:\/\/www.snl.no\/.nbl_biografi\/Ove_Bjelke\/utdypning\">Norsk biografisk leksikon <\/a>og <a href=\"http:\/\/no.wikipedia.org\/wiki\/Ove_Bjelke\">Wikipedia. <\/a><\/p>\n","protected":false},"excerpt":{"rendered":"<p>Original &#8211; diplom 29. mai 1655 med p\u00e5skrift 23. januar 1656 (2 Mb. Foto: UBB, Spesialsamlingene). Avskrift 1655-dokument (14.1.2010) Avskrift Gunstige Velbyrdige [H\u00f8yvelbaar]ne och Kiere \u00d8ffrighed [Gud Eders] Velbyrdighed Lenge och [naadelig beskierme och] bevare Amen. Vij fattige och Ellendige [Fieldb\u00f8nder] I Indre Sogns Fogderi i B[ergens Stift beboende IIIde] Store Viide Mille ifra [S\u00f8en, [&hellip;]<\/p>\n","protected":false},"author":2,"featured_media":0,"parent":661,"menu_order":7,"comment_status":"open","ping_status":"open","template":"","meta":{"ngg_post_thumbnail":0,"footnotes":""},"class_list":["post-691","page","type-page","status-publish","hentry"],"_links":{"self":[{"href":"https:\/\/www.historielaget.jostedal.no\/index.php?rest_route=\/wp\/v2\/pages\/691","targetHints":{"allow":["GET"]}}],"collection":[{"href":"https:\/\/www.historielaget.jostedal.no\/index.php?rest_route=\/wp\/v2\/pages"}],"about":[{"href":"https:\/\/www.historielaget.jostedal.no\/index.php?rest_route=\/wp\/v2\/types\/page"}],"author":[{"embeddable":true,"href":"https:\/\/www.historielaget.jostedal.no\/index.php?rest_route=\/wp\/v2\/users\/2"}],"replies":[{"embeddable":true,"href":"https:\/\/www.historielaget.jostedal.no\/index.php?rest_route=%2Fwp%2Fv2%2Fcomments&post=691"}],"version-history":[{"count":22,"href":"https:\/\/www.historielaget.jostedal.no\/index.php?rest_route=\/wp\/v2\/pages\/691\/revisions"}],"predecessor-version":[{"id":3827,"href":"https:\/\/www.historielaget.jostedal.no\/index.php?rest_route=\/wp\/v2\/pages\/691\/revisions\/3827"}],"up":[{"embeddable":true,"href":"https:\/\/www.historielaget.jostedal.no\/index.php?rest_route=\/wp\/v2\/pages\/661"}],"wp:attachment":[{"href":"https:\/\/www.historielaget.jostedal.no\/index.php?rest_route=%2Fwp%2Fv2%2Fmedia&parent=691"}],"curies":[{"name":"wp","href":"https:\/\/api.w.org\/{rel}","templated":true}]}}