{"id":758,"date":"2009-12-22T10:57:21","date_gmt":"2009-12-22T08:57:21","guid":{"rendered":"http:\/\/www.historielaget.jostedal.no\/?page_id=758"},"modified":"2025-04-14T22:49:40","modified_gmt":"2025-04-14T20:49:40","slug":"synfaringsdokument-1656","status":"publish","type":"page","link":"https:\/\/www.historielaget.jostedal.no\/?page_id=758","title":{"rendered":"Synfaringsdokument (1656)"},"content":{"rendered":"<p><a href=\"http:\/\/www.historielaget.jostedal.no\/1656-kyrkjedokument.pdf\">Originaldokument <\/a>(Foto: UBB, Spesialsamlingene)<\/p>\n<p><a href=\"http:\/\/www.historielaget.jostedal.no\/wordpress\/wp-content\/upLoads\/1656-utsnitt.jpg\"><img decoding=\"async\" class=\"alignleft size-medium wp-image-760\" title=\"Synfaringsdokument  1656, utsnitt\" src=\"http:\/\/www.historielaget.jostedal.no\/wordpress\/wp-content\/upLoads\/1656-utsnitt-300x49.jpg\" alt=\"Synfaringsdokument 1656, utsnitt\" width=\"370\" srcset=\"https:\/\/www.historielaget.jostedal.no\/wordpress\/wp-content\/upLoads\/1656-utsnitt-300x49.jpg 300w, https:\/\/www.historielaget.jostedal.no\/wordpress\/wp-content\/upLoads\/1656-utsnitt-150x24.jpg 150w, https:\/\/www.historielaget.jostedal.no\/wordpress\/wp-content\/upLoads\/1656-utsnitt.jpg 1024w\" sizes=\"(max-width: 300px) 100vw, 300px\" \/><\/a><\/p>\n<p><strong>Avskrift <\/strong>(f\u00f8rebels)<\/p>\n<p>Vii Effter skreffne, Sigvard R\u00f8nne, Anders Kalhagen, Laugretesmend I Lysters Pr\u00e6stegield, Sampt, <a href=\"http:\/\/www.lokalhistoriewiki.no\/index.php\/Sjur_Paulson_Kruna\">Sigvard Krone<\/a>, <a href=\"http:\/\/www.lokalhistoriewiki.no\/index.php\/Anders_Grov\">Anders Groff<\/a>, <a href=\"http:\/\/www.lokalhistoriewiki.no\/index.php\/Ole_Arneson_%C3%85sen\">Olle Aasen<\/a>, Lauretz Bachen, Mattis Ormbierg, Laugrettesm\u00e6nd I J\u00f8steddals Pr\u00e6stegield, Kiendes och gi\u00f8r Vitterligt, Anno 1656 hellig thre Konges dag, Vi effter Vores Kiere her Provstes h\u00e6derlige och vell\u00e6rd Mand Hr. Erich Iffuers\u00f8ns Befaling, haffuer veret thilstede i J\u00f8stedals Kirche at besicte, Da er det Os i Guds sandhed bevist, at Fundamenten och Bygningen i Sig selff er Rodet och it(?) gammell bygning som for hundrede Aar siden er f\u00f8rst Opbygt, da J\u00f8stedall bleff Opr\u00f8det, Anlangendes Thaggit paa samme Kierche. Da Efftersom det formedelst Kierkens Ringe Indkomst aldrig, er ved Magt holden och med Thiere behiulpen som det sig burde, Thaggit nu aff Solens hede Igiennem sprunget, sampt aff Offuerffl\u00f8dig Regn fordreffuet, och Offuer alt for den deel aldeles ubrugeligt, aff forber\u00f8rte Omstendighed, men gandske aff Nyt at Opbyges. Huoroffuer Kircheombudsmanden Her Th\u00f8ger Jenssen kand vide sig at Rette, och Kircke t\u00f8mmer med foredeligst(?) at thilf\u00f8re paa voris gunstige \u00d8ffrigheds goede behag, dette saa i Sandhed at vere, som vi for Gud och den Christen \u00d8frighed acter at ansvare bekiende, vi forskreffne med voris vanlige zigneters underthr\u00f8chlese och Stadfestelse.<\/p>\n<p>[Sju lakksegl]<\/p>\n<p><strong>Kjelde<\/strong><\/p>\n<p>Originaldokumentet ligg i Diplomsamlinga, Universitetsbiblioteket i Bergen (signatur UBB-1656-01-06). Avskrifta er f\u00f8rebels og er gjort etter <a href=\"http:\/\/www.historielaget.jostedal.no\/?page_id=696\">1823-avskrifta<\/a> (No. 4), kontrollert opp mot originaldokumentet p\u00e5 nokre punkt.<\/p>\n<p><strong>Merknad<\/strong><\/p>\n<p>To lagrettemenn i Luster og fem lagrettemenn i Jostedalen var p\u00e5 synfaring i Jostedal kyrkje 6. januar 1656 etter befaling av prost Erik Iverss\u00f8n. Dei konkluderte med at kyrkja var i skr\u00f8peleg forfatning og at det m\u00e5tte byggjast ei ny. Det er i dette dokumentet ein finn opplysninga om at kyrkja var hundre \u00e5r gamal, noko som ikkje m\u00e5 takast bokstaveleg (\u201den gammel Bygning som for hundrede Aar siden er f\u00f8rst Opbygt, da J\u00f6stedal bleff Opr\u00f8det\u201d).<\/p>\n<p>Dette er eit av 1600-talsdokumenta\u00a0biskop Neumann m\u00e5 ha teke med seg til Bergen fr\u00e5 Jostedal prestegard i samband med visitasen sommaren 1823.<\/p>\n","protected":false},"excerpt":{"rendered":"<p>Originaldokument (Foto: UBB, Spesialsamlingene) Avskrift (f\u00f8rebels) Vii Effter skreffne, Sigvard R\u00f8nne, Anders Kalhagen, Laugretesmend I Lysters Pr\u00e6stegield, Sampt, Sigvard Krone, Anders Groff, Olle Aasen, Lauretz Bachen, Mattis Ormbierg, Laugrettesm\u00e6nd I J\u00f8steddals Pr\u00e6stegield, Kiendes och gi\u00f8r Vitterligt, Anno 1656 hellig thre Konges dag, Vi effter Vores Kiere her Provstes h\u00e6derlige och vell\u00e6rd Mand Hr. Erich Iffuers\u00f8ns [&hellip;]<\/p>\n","protected":false},"author":2,"featured_media":0,"parent":661,"menu_order":8,"comment_status":"open","ping_status":"open","template":"","meta":{"ngg_post_thumbnail":0,"footnotes":""},"class_list":["post-758","page","type-page","status-publish","hentry"],"_links":{"self":[{"href":"https:\/\/www.historielaget.jostedal.no\/index.php?rest_route=\/wp\/v2\/pages\/758","targetHints":{"allow":["GET"]}}],"collection":[{"href":"https:\/\/www.historielaget.jostedal.no\/index.php?rest_route=\/wp\/v2\/pages"}],"about":[{"href":"https:\/\/www.historielaget.jostedal.no\/index.php?rest_route=\/wp\/v2\/types\/page"}],"author":[{"embeddable":true,"href":"https:\/\/www.historielaget.jostedal.no\/index.php?rest_route=\/wp\/v2\/users\/2"}],"replies":[{"embeddable":true,"href":"https:\/\/www.historielaget.jostedal.no\/index.php?rest_route=%2Fwp%2Fv2%2Fcomments&post=758"}],"version-history":[{"count":12,"href":"https:\/\/www.historielaget.jostedal.no\/index.php?rest_route=\/wp\/v2\/pages\/758\/revisions"}],"predecessor-version":[{"id":3828,"href":"https:\/\/www.historielaget.jostedal.no\/index.php?rest_route=\/wp\/v2\/pages\/758\/revisions\/3828"}],"up":[{"embeddable":true,"href":"https:\/\/www.historielaget.jostedal.no\/index.php?rest_route=\/wp\/v2\/pages\/661"}],"wp:attachment":[{"href":"https:\/\/www.historielaget.jostedal.no\/index.php?rest_route=%2Fwp%2Fv2%2Fmedia&parent=758"}],"curies":[{"name":"wp","href":"https:\/\/api.w.org\/{rel}","templated":true}]}}